{"id":35,"date":"2017-02-24T23:09:59","date_gmt":"2017-02-24T22:09:59","guid":{"rendered":"http:\/\/home.agh.edu.pl\/~epuniach\/?page_id=35"},"modified":"2021-03-06T15:51:30","modified_gmt":"2021-03-06T14:51:30","slug":"prace-dyplomowe","status":"publish","type":"page","link":"https:\/\/home.agh.edu.pl\/~akwart\/prace-dyplomowe\/","title":{"rendered":"Prace dyplomowe"},"content":{"rendered":"\n<p>Zapraszam do zapoznania si\u0119 z tematyk\u0105 proponowanych prac in\u017cynierskich i magisterskich. Zach\u0119cam r\u00f3wnie\u017c do proponowania w\u0142asnych temat\u00f3w bada\u0144.<\/p>\n<ol>\n<li>Ustalanie granic nieruchomo\u015bci w procesie inwestycyjnym.<\/li>\n<li>Ustalanie granic nieruchomo\u015bci dla cel\u00f3w ewidencji grunt\u00f3w i budynk\u00f3w.<\/li>\n<li>Proces wznowienia znak\u00f3w granicznych.<\/li>\n<li>Nabycie grunt\u00f3w pod drogi publiczne w \u015bwietle specustawy drogowej.<\/li>\n<li>Analiza post\u0119powania o zwrot wyw\u0142aszczonej nieruchomo\u015bci.<\/li>\n<li>Analiza post\u0119powania o wyw\u0142aszczenie nieruchomo\u015bci.<\/li>\n<li>Badanie stanu prawnego nieruchomo\u015bci.<\/li>\n<li>Analiza procesu rozgraniczenia nieruchomo\u015bci.<\/li>\n<li>Podzia\u0142 nieruchomo\u015bci zabudowanej budynkiem.<\/li>\n<li>Podzia\u0142 nieruchomo\u015bci przeznaczonej pod inwestycje w sytuacji braku miejscowego planu zagospodarowania przestrzennego.<\/li>\n<li>Podzia\u0142 nieruchomo\u015bci przeznaczonej pod inwestycje w oparciu o miejscowy plan zagospodarowania przestrzennego.<\/li>\n<li>Podzia\u0142 nieruchomo\u015bci rolnej.<\/li>\n<li>Analiza procesu po\u0142\u0105czenia i podzia\u0142u nieruchomo\u015bci.<\/li>\n<li>Ustanowienie prawa u\u017cytkowania wieczystego wraz z aktualizacj\u0105 op\u0142at z tego tytu\u0142u.<\/li>\n<li>Analiza post\u0119powania o wy\u0142\u0105czenie gruntu z produkcji rolnej.<\/li>\n<li>Wsp\u00f3\u0142praca PODGiK z jednostkami wykonawstwa geodezyjnego.<\/li>\n<\/ol>\n","protected":false},"excerpt":{"rendered":"<p>Zapraszam do zapoznania si\u0119 z tematyk\u0105 proponowanych prac in\u017cynierskich i magisterskich. Zach\u0119cam r\u00f3wnie\u017c do proponowania w\u0142asnych temat\u00f3w bada\u0144. Ustalanie granic nieruchomo\u015bci w procesie inwestycyjnym. Ustalanie granic nieruchomo\u015bci dla cel\u00f3w ewidencji grunt\u00f3w i budynk\u00f3w. Proces wznowienia znak\u00f3w granicznych. Nabycie grunt\u00f3w pod drogi publiczne w \u015bwietle specustawy drogowej. Analiza post\u0119powania o zwrot wyw\u0142aszczonej nieruchomo\u015bci. Analiza post\u0119powania o wyw\u0142aszczenie nieruchomo\u015bci. Badanie stanu prawnego nieruchomo\u015bci. Analiza procesu rozgraniczenia nieruchomo\u015bci. Podzia\u0142 nieruchomo\u015bci zabudowanej budynkiem. Podzia\u0142 nieruchomo\u015bci przeznaczonej pod inwestycje w sytuacji braku miejscowego planu zagospodarowania przestrzennego. Podzia\u0142 nieruchomo\u015bci przeznaczonej pod inwestycje w oparciu o miejscowy plan zagospodarowania przestrzennego. Podzia\u0142 nieruchomo\u015bci rolnej. Analiza procesu po\u0142\u0105czenia i podzia\u0142u nieruchomo\u015bci. Ustanowienie prawa u\u017cytkowania wieczystego wraz z aktualizacj\u0105 op\u0142at z tego tytu\u0142u. Analiza post\u0119powania o wy\u0142\u0105czenie gruntu z produkcji rolnej. Wsp\u00f3\u0142praca PODGiK z jednostkami wykonawstwa geodezyjnego.<\/p>\n","protected":false},"author":1,"featured_media":0,"parent":0,"menu_order":0,"comment_status":"closed","ping_status":"closed","template":"","meta":{"footnotes":""},"class_list":["post-35","page","type-page","status-publish","hentry","entry","post-inner"],"_links":{"self":[{"href":"https:\/\/home.agh.edu.pl\/~akwart\/wp-json\/wp\/v2\/pages\/35","targetHints":{"allow":["GET"]}}],"collection":[{"href":"https:\/\/home.agh.edu.pl\/~akwart\/wp-json\/wp\/v2\/pages"}],"about":[{"href":"https:\/\/home.agh.edu.pl\/~akwart\/wp-json\/wp\/v2\/types\/page"}],"author":[{"embeddable":true,"href":"https:\/\/home.agh.edu.pl\/~akwart\/wp-json\/wp\/v2\/users\/1"}],"replies":[{"embeddable":true,"href":"https:\/\/home.agh.edu.pl\/~akwart\/wp-json\/wp\/v2\/comments?post=35"}],"version-history":[{"count":2,"href":"https:\/\/home.agh.edu.pl\/~akwart\/wp-json\/wp\/v2\/pages\/35\/revisions"}],"predecessor-version":[{"id":300,"href":"https:\/\/home.agh.edu.pl\/~akwart\/wp-json\/wp\/v2\/pages\/35\/revisions\/300"}],"wp:attachment":[{"href":"https:\/\/home.agh.edu.pl\/~akwart\/wp-json\/wp\/v2\/media?parent=35"}],"curies":[{"name":"wp","href":"https:\/\/api.w.org\/{rel}","templated":true}]}}