{"id":37,"date":"2017-02-24T23:10:12","date_gmt":"2017-02-24T22:10:12","guid":{"rendered":"http:\/\/home.agh.edu.pl\/~epuniach\/?page_id=37"},"modified":"2026-04-09T14:40:42","modified_gmt":"2026-04-09T12:40:42","slug":"konsultacje","status":"publish","type":"page","link":"https:\/\/home.agh.edu.pl\/~akwart\/konsultacje\/","title":{"rendered":"Konsultacje"},"content":{"rendered":"<p>Czwartek, godzina 11.30-13.00, pok. 519. Po wcze\u015bniejszym zg\u0142oszeniu na e-maila.<\/p>\n<p>Propozycje innych termin\u00f3w prosz\u0119 zg\u0142asza\u0107 indywidualnie drog\u0105 mailow\u0105.<\/p>\n","protected":false},"excerpt":{"rendered":"<p>Czwartek, godzina 11.30-13.00, pok. 519. Po wcze\u015bniejszym zg\u0142oszeniu na e-maila. Propozycje innych termin\u00f3w prosz\u0119 zg\u0142asza\u0107 indywidualnie drog\u0105 mailow\u0105.<\/p>\n","protected":false},"author":2,"featured_media":0,"parent":0,"menu_order":0,"comment_status":"closed","ping_status":"closed","template":"","meta":{"footnotes":""},"class_list":["post-37","page","type-page","status-publish","hentry","entry","post-inner"],"_links":{"self":[{"href":"https:\/\/home.agh.edu.pl\/~akwart\/wp-json\/wp\/v2\/pages\/37","targetHints":{"allow":["GET"]}}],"collection":[{"href":"https:\/\/home.agh.edu.pl\/~akwart\/wp-json\/wp\/v2\/pages"}],"about":[{"href":"https:\/\/home.agh.edu.pl\/~akwart\/wp-json\/wp\/v2\/types\/page"}],"author":[{"embeddable":true,"href":"https:\/\/home.agh.edu.pl\/~akwart\/wp-json\/wp\/v2\/users\/2"}],"replies":[{"embeddable":true,"href":"https:\/\/home.agh.edu.pl\/~akwart\/wp-json\/wp\/v2\/comments?post=37"}],"version-history":[{"count":14,"href":"https:\/\/home.agh.edu.pl\/~akwart\/wp-json\/wp\/v2\/pages\/37\/revisions"}],"predecessor-version":[{"id":650,"href":"https:\/\/home.agh.edu.pl\/~akwart\/wp-json\/wp\/v2\/pages\/37\/revisions\/650"}],"wp:attachment":[{"href":"https:\/\/home.agh.edu.pl\/~akwart\/wp-json\/wp\/v2\/media?parent=37"}],"curies":[{"name":"wp","href":"https:\/\/api.w.org\/{rel}","templated":true}]}}