{"id":39,"date":"2017-02-24T23:10:35","date_gmt":"2017-02-24T22:10:35","guid":{"rendered":"http:\/\/home.agh.edu.pl\/~epuniach\/?page_id=39"},"modified":"2021-03-07T16:28:38","modified_gmt":"2021-03-07T15:28:38","slug":"kontakt","status":"publish","type":"page","link":"https:\/\/home.agh.edu.pl\/~akwart\/kontakt\/","title":{"rendered":"Kontakt"},"content":{"rendered":"[vc_row][vc_column width=&#8221;1\/2&#8243;][vc_column_text]\n<p>&nbsp;<\/p>\n<p><strong>dr hab. in\u017c. Anita Kwartnik-Pruc, prof. AGH<\/strong><br \/>\nAkademia G\u00f3rniczo-Hutnicza im. Stanis\u0142awa Staszica w Krakowie<br \/>\nWydzia\u0142 Geodezji G\u00f3rniczej i In\u017cynierii \u015arodowiska<br \/>\n<strong>Katedra Geodezji In\u017cynieryjnej i Budownictwa<\/strong><\/p>\n<p><strong>Adres<\/strong>: Al. Mickiewicza 30; 30-059 Krak\u00f3w<br \/>\nBudynek C-4, pi\u0119tro: V, pok\u00f3j: 519<\/p>\n<p><strong>Telefon:<\/strong> \u00a0 +48 12 617 35 20<br \/>\n<strong>e-mail:<\/strong> <span style=\"color: #0000ff;\"><a style=\"color: #0000ff;\" href=\"mailto:epuniach@agh.edu.pl\">akwart@agh.edu.pl<\/a><\/span>[\/vc_column_text][\/vc_column][vc_column width=&#8221;1\/2&#8243;][vc_raw_html]JTNDaWZyYW1lJTIwc3JjJTNEJTIyaHR0cHMlM0ElMkYlMkZ3d3cuZ29vZ2xlLmNvbSUyRm1hcHMlMkZlbWJlZCUzRnBiJTNEJTIxMW0xOCUyMTFtMTIlMjExbTMlMjExZDEwOTAuNDczNDIxMDc5NTU5OCUyMTJkMTkuOTE4ODYzODk4MzA1MDUlMjEzZDUwLjA2NTQ2NjE5ODI3Mjg4JTIxMm0zJTIxMWYwJTIxMmYwJTIxM2YwJTIxM20yJTIxMWkxMDI0JTIxMmk3NjglMjE0ZjEzLjElMjEzbTMlMjExbTIlMjExczB4NDcxNjViYTZkYjY3ZWE0ZiUyNTNBMHg1YTUzYzc4YzI1ZDczZGUlMjEyc0FHSCUyQmltLiUyQlN0YW5pcyUyNUM1JTI1ODJhd2ElMkJTdGFzemljYSUyQnclMkJLcmFrb3dpZSUyQld5ZHppYSUyNUM1JTI1ODIlMkJHZW9kZXpqaSUyQkclMjVDMyUyNUIzcm5pY3plaiUyQmklMkJJbiUyNUM1JTI1QkN5bmllcmlpJTJCJTI1QzUlMjU5QXJvZG93aXNrYSUyMTVlMSUyMTNtMiUyMTFzcGwlMjEyc3BsJTIxNHYxNDY1NTAyNjk3MDM1JTIyJTIwd2lkdGglM0QlMjIxMDAlMjUlMjIlMjBoZWlnaHQlM0QlMjIzMDAlMjIlMjBmcmFtZWJvcmRlciUzRCUyMjAlMjIlMjBzdHlsZSUzRCUyMmJvcmRlciUzQTAlMjIlMjBhbGxvd2Z1bGxzY3JlZW4lM0UlM0MlMkZpZnJhbWUlM0U=[\/vc_raw_html][\/vc_column][\/vc_row]\n","protected":false},"excerpt":{"rendered":"<p>[vc_row][vc_column width=&#8221;1\/2&#8243;][vc_column_text] &nbsp; dr hab. in\u017c. Anita Kwartnik-Pruc, prof. AGH Akademia G\u00f3rniczo-Hutnicza im. Stanis\u0142awa Staszica w Krakowie Wydzia\u0142 Geodezji G\u00f3rniczej i In\u017cynierii \u015arodowiska Katedra Geodezji In\u017cynieryjnej i Budownictwa Adres: Al. Mickiewicza 30; 30-059 Krak\u00f3w Budynek C-4, pi\u0119tro: V, pok\u00f3j: 519 Telefon: \u00a0 +48 12 617 35 20 e-mail: akwart@agh.edu.pl[\/vc_column_text][\/vc_column][vc_column width=&#8221;1\/2&#8243;][vc_raw_html]JTNDaWZyYW1lJTIwc3JjJTNEJTIyaHR0cHMlM0ElMkYlMkZ3d3cuZ29vZ2xlLmNvbSUyRm1hcHMlMkZlbWJlZCUzRnBiJTNEJTIxMW0xOCUyMTFtMTIlMjExbTMlMjExZDEwOTAuNDczNDIxMDc5NTU5OCUyMTJkMTkuOTE4ODYzODk4MzA1MDUlMjEzZDUwLjA2NTQ2NjE5ODI3Mjg4JTIxMm0zJTIxMWYwJTIxMmYwJTIxM2YwJTIxM20yJTIxMWkxMDI0JTIxMmk3NjglMjE0ZjEzLjElMjEzbTMlMjExbTIlMjExczB4NDcxNjViYTZkYjY3ZWE0ZiUyNTNBMHg1YTUzYzc4YzI1ZDczZGUlMjEyc0FHSCUyQmltLiUyQlN0YW5pcyUyNUM1JTI1ODJhd2ElMkJTdGFzemljYSUyQnclMkJLcmFrb3dpZSUyQld5ZHppYSUyNUM1JTI1ODIlMkJHZW9kZXpqaSUyQkclMjVDMyUyNUIzcm5pY3plaiUyQmklMkJJbiUyNUM1JTI1QkN5bmllcmlpJTJCJTI1QzUlMjU5QXJvZG93aXNrYSUyMTVlMSUyMTNtMiUyMTFzcGwlMjEyc3BsJTIxNHYxNDY1NTAyNjk3MDM1JTIyJTIwd2lkdGglM0QlMjIxMDAlMjUlMjIlMjBoZWlnaHQlM0QlMjIzMDAlMjIlMjBmcmFtZWJvcmRlciUzRCUyMjAlMjIlMjBzdHlsZSUzRCUyMmJvcmRlciUzQTAlMjIlMjBhbGxvd2Z1bGxzY3JlZW4lM0UlM0MlMkZpZnJhbWUlM0U=[\/vc_raw_html][\/vc_column][\/vc_row]<\/p>\n","protected":false},"author":1,"featured_media":0,"parent":0,"menu_order":0,"comment_status":"closed","ping_status":"closed","template":"","meta":{"footnotes":""},"class_list":["post-39","page","type-page","status-publish","hentry","entry","post-inner"],"_links":{"self":[{"href":"https:\/\/home.agh.edu.pl\/~akwart\/wp-json\/wp\/v2\/pages\/39","targetHints":{"allow":["GET"]}}],"collection":[{"href":"https:\/\/home.agh.edu.pl\/~akwart\/wp-json\/wp\/v2\/pages"}],"about":[{"href":"https:\/\/home.agh.edu.pl\/~akwart\/wp-json\/wp\/v2\/types\/page"}],"author":[{"embeddable":true,"href":"https:\/\/home.agh.edu.pl\/~akwart\/wp-json\/wp\/v2\/users\/1"}],"replies":[{"embeddable":true,"href":"https:\/\/home.agh.edu.pl\/~akwart\/wp-json\/wp\/v2\/comments?post=39"}],"version-history":[{"count":14,"href":"https:\/\/home.agh.edu.pl\/~akwart\/wp-json\/wp\/v2\/pages\/39\/revisions"}],"predecessor-version":[{"id":404,"href":"https:\/\/home.agh.edu.pl\/~akwart\/wp-json\/wp\/v2\/pages\/39\/revisions\/404"}],"wp:attachment":[{"href":"https:\/\/home.agh.edu.pl\/~akwart\/wp-json\/wp\/v2\/media?parent=39"}],"curies":[{"name":"wp","href":"https:\/\/api.w.org\/{rel}","templated":true}]}}