{"id":9,"date":"2017-02-24T22:56:53","date_gmt":"2017-02-24T21:56:53","guid":{"rendered":"http:\/\/home.agh.edu.pl\/~epuniach\/?page_id=9"},"modified":"2021-09-21T21:00:31","modified_gmt":"2021-09-21T19:00:31","slug":"aktualnosci-2","status":"publish","type":"page","link":"https:\/\/home.agh.edu.pl\/~akwart\/aktualnosci-2\/","title":{"rendered":"Podstawy prawa"},"content":{"rendered":"\n<p>W ramach tego przedmiotu student poznaje podstawy prawne prawa cywilnego i administracyjnego oraz struktur\u0119 i zasady dzia\u0142ania administracji publicznej. Poznaje zasady gromadzenia i przetwarzania danych w rejestrach publicznych.\u00a0<\/p>\n<p>Ten przedmiot sk\u0142ada si\u0119 z:<\/p>\n<ul style=\"list-style-type: square;\">\n<li>30 godzin wyk\u0142ad\u00f3w.<\/li>\n<\/ul>\n","protected":false},"excerpt":{"rendered":"<p>W ramach tego przedmiotu student poznaje podstawy prawne prawa cywilnego i administracyjnego oraz struktur\u0119 i zasady dzia\u0142ania administracji publicznej. Poznaje zasady gromadzenia i przetwarzania danych w rejestrach publicznych.\u00a0 Ten przedmiot sk\u0142ada si\u0119 z: 30 godzin wyk\u0142ad\u00f3w.<\/p>\n","protected":false},"author":1,"featured_media":0,"parent":0,"menu_order":0,"comment_status":"closed","ping_status":"closed","template":"","meta":{"footnotes":""},"class_list":["post-9","page","type-page","status-publish","hentry","entry","post-inner"],"_links":{"self":[{"href":"https:\/\/home.agh.edu.pl\/~akwart\/wp-json\/wp\/v2\/pages\/9","targetHints":{"allow":["GET"]}}],"collection":[{"href":"https:\/\/home.agh.edu.pl\/~akwart\/wp-json\/wp\/v2\/pages"}],"about":[{"href":"https:\/\/home.agh.edu.pl\/~akwart\/wp-json\/wp\/v2\/types\/page"}],"author":[{"embeddable":true,"href":"https:\/\/home.agh.edu.pl\/~akwart\/wp-json\/wp\/v2\/users\/1"}],"replies":[{"embeddable":true,"href":"https:\/\/home.agh.edu.pl\/~akwart\/wp-json\/wp\/v2\/comments?post=9"}],"version-history":[{"count":3,"href":"https:\/\/home.agh.edu.pl\/~akwart\/wp-json\/wp\/v2\/pages\/9\/revisions"}],"predecessor-version":[{"id":566,"href":"https:\/\/home.agh.edu.pl\/~akwart\/wp-json\/wp\/v2\/pages\/9\/revisions\/566"}],"wp:attachment":[{"href":"https:\/\/home.agh.edu.pl\/~akwart\/wp-json\/wp\/v2\/media?parent=9"}],"curies":[{"name":"wp","href":"https:\/\/api.w.org\/{rel}","templated":true}]}}