{"id":257,"date":"2024-10-04T11:43:12","date_gmt":"2024-10-04T09:43:12","guid":{"rendered":"https:\/\/home.agh.edu.pl\/~anita_tr\/?page_id=257"},"modified":"2024-10-04T11:51:48","modified_gmt":"2024-10-04T09:51:48","slug":"tutoring","status":"publish","type":"page","link":"https:\/\/home.agh.edu.pl\/~anita_tr\/tutoring\/","title":{"rendered":"Tutoring"},"content":{"rendered":"\n<p>Prowadz\u0119 tutoring w obszarze: fotokataliza, fotoelektrochemia, fotochemia, energia s\u0142oneczna, chemia cia\u0142a sta\u0142ego, in\u017cynieria materia\u0142owa, w\u0142a\u015bciwo\u015bci optyczne materia\u0142\u00f3w, poszukiwanie informacji w czasopismach naukowych, przygotowanie do pisania prac dyplomowych i naukowych<\/p>\n\n\n\n<p>W pracy inspiruj\u0105 mnie pytania, na kt\u00f3re nie znam odpowiedzi. Moja praca naukowa koncentruje si\u0119 wok\u00f3\u0142 zagadnie\u0144 zwi\u0105zanych z oddzia\u0142ywaniem cia\u0142 sta\u0142ych ze \u015bwiat\u0142em. W szczeg\u00f3lno\u015bci w\u0142a\u015bciwo\u015bciami optycznymi r\u00f3\u017cnych grup materia\u0142\u00f3w oraz zastosowaniem modyfikowanych p\u00f3\u0142przewodnik\u00f3w w procesach oczyszczania wody i produkcji wodoru. W pracy dydaktycznej natomiast moj\u0105 domen\u0105 jest chemia.<\/p>\n\n\n\n<p>My\u015bl\u0119 o sobie jako o badaczce z pogranicza chemii cia\u0142a sta\u0142ego i in\u017cynierii materia\u0142owej materia\u0142\u00f3w dla proces\u00f3w fotokatalitycznych. Jestem mi\u0142o\u015bniczk\u0105 psychologii, tenisa ziemnego, narciarstwa i puzzli.<\/p>\n\n\n\n<p>Je\u015bli Twoje zainteresowania s\u0105 zbie\u017cne z moimi lub maj\u0105 punkt wsp\u00f3lny \u2013 zapraszam Ci\u0119 na tutoring. Na wsp\u00f3lne zadawanie pyta\u0144 i poszukiwanie na nie odpowiedzi. Je\u015bli jeste\u015b osob\u0105 otwart\u0105 na nowe do\u015bwiadczenia naukowe, zmotywowan\u0105 do wsp\u00f3lnej pracy \u2013 zapraszam Ci\u0119 do podr\u00f3\u017cy w mniej lub bardziej nieznane. Wychodz\u0119 z za\u0142o\u017cenia, \u017ce \u201enie wiem, nie potrafi\u0119\u201d i \u201e\u017ale\u201d mog\u0105 by\u0107 pocz\u0105tkiem drogi do wiedzy.<\/p>\n\n\n\n<p>\u201eNie pope\u0142nia b\u0142\u0119d\u00f3w ten kto nic nie robi.\u201d<\/p>\n\n\n\n<p>Tu znajdziesz moj\u0105 <a href=\"https:\/\/www.cel.agh.edu.pl\/personel-agh\/trenczek-zajac-anita\/\">wizyt\u00f3wk\u0119 tutorsk\u0105<\/a><\/p>\n","protected":false},"excerpt":{"rendered":"<p>Prowadz\u0119 tutoring w obszarze: fotokataliza, fotoelektrochemia, fotochemia, energia s\u0142oneczna, chemia cia\u0142a sta\u0142ego, in\u017cynieria materia\u0142owa, w\u0142a\u015bciwo\u015bci optyczne materia\u0142\u00f3w, poszukiwanie informacji w czasopismach naukowych, przygotowanie do pisania prac dyplomowych i naukowych W &#8230;<\/p>\n","protected":false},"author":1,"featured_media":0,"parent":0,"menu_order":0,"comment_status":"closed","ping_status":"closed","template":"","meta":{"footnotes":""},"class_list":["post-257","page","type-page","status-publish","hentry"],"_links":{"self":[{"href":"https:\/\/home.agh.edu.pl\/~anita_tr\/wp-json\/wp\/v2\/pages\/257","targetHints":{"allow":["GET"]}}],"collection":[{"href":"https:\/\/home.agh.edu.pl\/~anita_tr\/wp-json\/wp\/v2\/pages"}],"about":[{"href":"https:\/\/home.agh.edu.pl\/~anita_tr\/wp-json\/wp\/v2\/types\/page"}],"author":[{"embeddable":true,"href":"https:\/\/home.agh.edu.pl\/~anita_tr\/wp-json\/wp\/v2\/users\/1"}],"replies":[{"embeddable":true,"href":"https:\/\/home.agh.edu.pl\/~anita_tr\/wp-json\/wp\/v2\/comments?post=257"}],"version-history":[{"count":4,"href":"https:\/\/home.agh.edu.pl\/~anita_tr\/wp-json\/wp\/v2\/pages\/257\/revisions"}],"predecessor-version":[{"id":268,"href":"https:\/\/home.agh.edu.pl\/~anita_tr\/wp-json\/wp\/v2\/pages\/257\/revisions\/268"}],"wp:attachment":[{"href":"https:\/\/home.agh.edu.pl\/~anita_tr\/wp-json\/wp\/v2\/media?parent=257"}],"curies":[{"name":"wp","href":"https:\/\/api.w.org\/{rel}","templated":true}]}}