{"id":35,"date":"2020-05-07T15:14:03","date_gmt":"2020-05-07T13:14:03","guid":{"rendered":"http:\/\/home.agh.edu.pl\/~anita_tr\/?page_id=35"},"modified":"2026-03-26T16:04:38","modified_gmt":"2026-03-26T15:04:38","slug":"publikacje","status":"publish","type":"page","link":"https:\/\/home.agh.edu.pl\/~anita_tr\/publikacje\/","title":{"rendered":"Publikacje"},"content":{"rendered":"\n<div class=\"wp-block-columns is-layout-flex wp-container-core-columns-is-layout-9d6595d7 wp-block-columns-is-layout-flex\">\n<div class=\"wp-block-column is-layout-flow wp-block-column-is-layout-flow\">\n<p class=\"has-text-align-center\">ORCiD<\/p>\n\n\n<div class=\"wp-block-image\">\n<figure class=\"aligncenter size-large is-resized\"><img loading=\"lazy\" decoding=\"async\" width=\"225\" height=\"225\" src=\"http:\/\/home.agh.edu.pl\/~anita_tr\/wp-content\/uploads\/2020\/05\/orcid.png\" alt=\"\" class=\"wp-image-79\" style=\"width:96px;height:96px\" srcset=\"https:\/\/home.agh.edu.pl\/~anita_tr\/wp-content\/uploads\/2020\/05\/orcid.png 225w, https:\/\/home.agh.edu.pl\/~anita_tr\/wp-content\/uploads\/2020\/05\/orcid-150x150.png 150w\" sizes=\"auto, (max-width: 225px) 100vw, 225px\" \/><\/figure>\n<\/div>\n\n\n<p class=\"has-text-align-center\">Link do profilu w serwisie <br><a rel=\"noreferrer noopener\" href=\"https:\/\/orcid.org\/0000-0002-2742-0748\" target=\"_blank\">ORCiD<\/a><\/p>\n<\/div>\n\n\n\n<div class=\"wp-block-column is-layout-flow wp-block-column-is-layout-flow\">\n<p class=\"has-text-align-center\">Publons<\/p>\n\n\n<div class=\"wp-block-image\">\n<figure class=\"aligncenter size-large is-resized\"><img loading=\"lazy\" decoding=\"async\" width=\"200\" height=\"200\" src=\"http:\/\/home.agh.edu.pl\/~anita_tr\/wp-content\/uploads\/2020\/05\/Publons.png\" alt=\"\" class=\"wp-image-77\" style=\"width:97px;height:97px\" srcset=\"https:\/\/home.agh.edu.pl\/~anita_tr\/wp-content\/uploads\/2020\/05\/Publons.png 200w, https:\/\/home.agh.edu.pl\/~anita_tr\/wp-content\/uploads\/2020\/05\/Publons-150x150.png 150w\" sizes=\"auto, (max-width: 200px) 100vw, 200px\" \/><\/figure>\n<\/div>\n\n\n<p class=\"has-text-align-center\">Link do profilu w serwisie <a rel=\"noreferrer noopener\" href=\"https:\/\/publons.com\/researcher\/1245754\/anita-trenczek-zajac\/\" target=\"_blank\">Publons<\/a><\/p>\n<\/div>\n\n\n\n<div class=\"wp-block-column is-layout-flow wp-block-column-is-layout-flow\">\n<p class=\"has-text-align-center\">ResearchGate<\/p>\n\n\n<div class=\"wp-block-image\">\n<figure class=\"aligncenter size-large is-resized\"><img loading=\"lazy\" decoding=\"async\" width=\"224\" height=\"224\" src=\"http:\/\/home.agh.edu.pl\/~anita_tr\/wp-content\/uploads\/2020\/05\/researchgate.jpg\" alt=\"\" class=\"wp-image-80\" style=\"width:99px;height:99px\" srcset=\"https:\/\/home.agh.edu.pl\/~anita_tr\/wp-content\/uploads\/2020\/05\/researchgate.jpg 224w, https:\/\/home.agh.edu.pl\/~anita_tr\/wp-content\/uploads\/2020\/05\/researchgate-150x150.jpg 150w\" sizes=\"auto, (max-width: 224px) 100vw, 224px\" \/><\/figure>\n<\/div>\n\n\n<p class=\"has-text-align-center\">Link do profilu w serwisie <a rel=\"noreferrer noopener\" href=\"https:\/\/www.researchgate.net\/profile\/Anita_Trenczek-Zajac\" target=\"_blank\">ResearchGate<\/a><\/p>\n<\/div>\n<\/div>\n\n\n\n<p>cztery najnowsze publikacje<\/p>\n\n\n\n<h2 class=\"wp-block-heading\" id=\"block-9ced84d0-b1ea-470f-8cd8-2c2d80476f5a\"><\/h2>\n\n\n\n<h2 class=\"wp-block-heading\" style=\"font-size:16px;font-style:normal;font-weight:400\">1. Ma\u0142gorzata Knapik, Wojciech Zaj\u0105c, Agnieszka Wojteczko, Anita Trenczek-Zaj\u0105c<br><a href=\"https:\/\/www.mdpi.com\/1420-3049\/31\/2\/353\">Loading-controlled photoactivity in TiO2@BiVO4 heterostructures<\/a><br>Molecules, 31\/2 (2026) 353, DOI: <a href=\"https:\/\/doi.org\/10.3390\/molecules31020353\" target=\"_blank\" rel=\"noreferrer noopener\">10.3390\/molecules31020353<\/a><\/h2>\n\n\n\n<h2 class=\"wp-block-heading\" style=\"font-size:16px;font-style:normal;font-weight:400\">2. Anita Trenczek-Zaj\u0105c, Joanna Bana\u015b-Gac, Anna Adamczyk, Marta Radecka<br><em><a href=\"https:\/\/www.sciencedirect.com\/science\/article\/pii\/S0925838825027896\">Can point defects work to your advantage? New insights into TiO<sub>2<\/sub>@n-type Cu<sub>2<\/sub>O heterostructures<\/a><\/em><br><a href=\"https:\/\/www.sciencedirect.com\/journal\/journal-of-alloys-and-compounds\">Journal of Alloys and Compounds<\/a>, 1033 (2025) 181228, DOI: <a href=\"https:\/\/doi.org\/10.1016\/j.jallcom.2025.181228\" target=\"_blank\" rel=\"noreferrer noopener\">10.1016\/j.jallcom.2025.181228<\/a><\/h2>\n\n\n\n<h2 class=\"wp-block-heading\" style=\"font-size:16px;font-style:normal;font-weight:400\">3. Ma\u0142gorzata Knapik, Anna Kusior, Magdalena Ziabka, Anita Trenczek-Zajac<br><em><a href=\"https:\/\/authors.elsevier.com\/a\/1kvgN3boDQK6oD\">Multiphase BiVO<sub>4<\/sub> for environmental applications<\/a><\/em><br>Journal of Photochemistry &amp; Photobiology, A: Chemistry, 467 (2025) 116421, DOI: <a href=\"https:\/\/doi.org\/10.1016\/j.jphotochem.2025.116421\" target=\"_blank\" rel=\"noreferrer noopener\">10.1016\/j.jphotochem.2025.116421<\/a><\/h2>\n\n\n\n<h2 class=\"wp-block-heading\" id=\"block-2dcd0dfc-ffda-44fb-83cd-ff4db86e6373\" style=\"font-size:16px;font-style:normal;font-weight:400\">4. P. Zubrzycka, M. Radecka, T. Graule, A. Trenczek-Zajac, D. Zientara, M. Stuer<br><a href=\"https:\/\/www.scopus.com\/record\/display.uri?eid=2-s2.0-85188069973&amp;origin=resultslist\"><em>MgAl<sub>2<\/sub>O<sub>4<\/sub> spinel with transmittance approaching theoretical value at reduced sintering temperatures<\/em><\/a><br><a href=\"javascript:void(0)\">Journal of the European Ceramic Society, <\/a>44\/10 (2024) 6047-6059, DOI: 10.1016\/j.jeurceramsoc.2024.03.049<\/h2>\n\n\n\n<h2 class=\"wp-block-heading\" id=\"block-2dcd0dfc-ffda-44fb-83cd-ff4db86e6373\" style=\"font-size:16px;font-style:normal;font-weight:400\">5. W. Zajac; A. Rozycka; A. Trenczek-Zajac<br>Rational design of the electronic structure of CdS nanopowders<br>Inorganic Chemistry, 62\/28 (2023) 10955\u201310964, DOI: <a href=\"https:\/\/doi.org\/10.1021\/acs.inorgchem.3c00935\">10.1021\/acs.inorgchem.3c00935<\/a><\/h2>\n\n\n\n<h2 class=\"wp-block-heading\" id=\"block-2dcd0dfc-ffda-44fb-83cd-ff4db86e6373\" style=\"font-size:16px;font-style:normal;font-weight:400\"><\/h2>\n","protected":false},"excerpt":{"rendered":"<p>ORCiD Link do profilu w serwisie ORCiD Publons Link do profilu w serwisie Publons ResearchGate Link do profilu w serwisie ResearchGate cztery najnowsze publikacje 1. Ma\u0142gorzata Knapik, Wojciech Zaj\u0105c, Agnieszka &#8230;<\/p>\n","protected":false},"author":1,"featured_media":0,"parent":0,"menu_order":0,"comment_status":"closed","ping_status":"closed","template":"","meta":{"footnotes":""},"class_list":["post-35","page","type-page","status-publish","hentry"],"_links":{"self":[{"href":"https:\/\/home.agh.edu.pl\/~anita_tr\/wp-json\/wp\/v2\/pages\/35","targetHints":{"allow":["GET"]}}],"collection":[{"href":"https:\/\/home.agh.edu.pl\/~anita_tr\/wp-json\/wp\/v2\/pages"}],"about":[{"href":"https:\/\/home.agh.edu.pl\/~anita_tr\/wp-json\/wp\/v2\/types\/page"}],"author":[{"embeddable":true,"href":"https:\/\/home.agh.edu.pl\/~anita_tr\/wp-json\/wp\/v2\/users\/1"}],"replies":[{"embeddable":true,"href":"https:\/\/home.agh.edu.pl\/~anita_tr\/wp-json\/wp\/v2\/comments?post=35"}],"version-history":[{"count":27,"href":"https:\/\/home.agh.edu.pl\/~anita_tr\/wp-json\/wp\/v2\/pages\/35\/revisions"}],"predecessor-version":[{"id":293,"href":"https:\/\/home.agh.edu.pl\/~anita_tr\/wp-json\/wp\/v2\/pages\/35\/revisions\/293"}],"wp:attachment":[{"href":"https:\/\/home.agh.edu.pl\/~anita_tr\/wp-json\/wp\/v2\/media?parent=35"}],"curies":[{"name":"wp","href":"https:\/\/api.w.org\/{rel}","templated":true}]}}