{"id":2,"date":"2016-10-19T22:12:21","date_gmt":"2016-10-19T20:12:21","guid":{"rendered":"http:\/\/home.agh.edu.pl\/~brus\/?page_id=2"},"modified":"2024-12-12T12:31:09","modified_gmt":"2024-12-12T11:31:09","slug":"przykladowa-strona","status":"publish","type":"page","link":"https:\/\/home.agh.edu.pl\/~brus\/","title":{"rendered":"O mnie"},"content":{"rendered":"<p>Szanowni Pa\u0144stwo,<\/p>\n<p>pracuje na stanowisku profesora uczelni w Akademii G\u00f3rniczo-Hutniczej w Krakowie w\u00a0<strong>Katedrze Podstawowych Problem\u00f3w Energetyki\u00a0<\/strong>na\u00a0Wydziale Energetyki i Paliw. Zawodowo zajmuj\u0119 si\u0119 tematyk\u0105 zwi\u0105zan\u0105 z:<\/p>\n<p><em>&#8211; modelowaniem komputerowym proces\u00f3w cieplnych i przep\u0142ywowych<\/em><\/p>\n<p><em>&#8211;\u00a0tlenkowymi ogniwami paliwowymi (ogniwa typu SOFC)<\/em><\/p>\n<p><em>&#8211; modelowaniem reakcji chemicznych i elektrochemicznych\u00a0<\/em><\/p>\n<p>&#8211; zastosowaniem inteligencji obliczeniowej w energetyce<\/p>\n<p>&#8211; optymalizacj\u0105 wielokryterialn\u0105 przy u\u017cyciu algorytm\u00f3w ewolucyjnych<\/p>\n<p><em>&#8211; tomografi\u0105 elektronow\u0105 FIB-SEM<\/em><\/p>\n<p>Prowadz\u0119 zaj\u0119cia z Podstaw Informatyki, Metod Numerycznych, Pakiet\u00f3w Programu MATLAB oraz Modelowania Matematycznego oraz w j\u0119zyku angielskim Artificial Intelligence Methods, MATLAB Programming, Mathematical Modeling, Modeling of Fuel Cells and Hydrogen Technologies zar\u00f3wno dla student\u00f3w na poziomie in\u017cynierskim jak i magisterskim.<\/p>\n<p>Student\u00f3w w sprawach dydaktyki oraz student\u00f3w zainteresowanych reealizacj\u0105 badaniach naukowych zapraszam &#8211; budynek B3 pok\u00f3j 209 lub prosz\u0119 o kontakt e-mailowy.<\/p>\n<p>Konsultacje\u00a0odbywaj\u0105 si\u0119\u00a0w:<\/p>\n<p>&#8211; \u015broda 8.15 &#8211; 10.15<\/p>\n<p>Dane kontaktowe:<\/p>\n<p><strong>dr hab. in\u017c. Grzegorz Brus, prof. AGH\u00a0<\/strong><\/p>\n<p>Katedra Podstawowych Problem\u00f3w Energetyki<\/p>\n<p>Wydzia\u0142 Energetyki i Paliw<\/p>\n<p>Akademia G\u00f3rniczo-Hutnicza<\/p>\n<p>budynek B3, pok. 208, tel. (12)-617-50-53<\/p>\n","protected":false},"excerpt":{"rendered":"<p>Szanowni Pa\u0144stwo, pracuje na stanowisku profesora uczelni w Akademii G\u00f3rniczo-Hutniczej w Krakowie w\u00a0Katedrze Podstawowych Problem\u00f3w Energetyki\u00a0na\u00a0Wydziale Energetyki i Paliw. Zawodowo zajmuj\u0119 si\u0119 tematyk\u0105 zwi\u0105zan\u0105 z:&#8230;<\/p>\n<div class=\"more-link-wrapper\"><a class=\"more-link\" href=\"https:\/\/home.agh.edu.pl\/~brus\/\">Continue reading<span class=\"screen-reader-text\">O mnie<\/span><\/a><\/div>\n","protected":false},"author":1,"featured_media":0,"parent":0,"menu_order":0,"comment_status":"closed","ping_status":"open","template":"","meta":{"iawp_total_views":592,"footnotes":""},"class_list":["post-2","page","type-page","status-publish","hentry","entry"],"_links":{"self":[{"href":"https:\/\/home.agh.edu.pl\/~brus\/wp-json\/wp\/v2\/pages\/2","targetHints":{"allow":["GET"]}}],"collection":[{"href":"https:\/\/home.agh.edu.pl\/~brus\/wp-json\/wp\/v2\/pages"}],"about":[{"href":"https:\/\/home.agh.edu.pl\/~brus\/wp-json\/wp\/v2\/types\/page"}],"author":[{"embeddable":true,"href":"https:\/\/home.agh.edu.pl\/~brus\/wp-json\/wp\/v2\/users\/1"}],"replies":[{"embeddable":true,"href":"https:\/\/home.agh.edu.pl\/~brus\/wp-json\/wp\/v2\/comments?post=2"}],"version-history":[{"count":7,"href":"https:\/\/home.agh.edu.pl\/~brus\/wp-json\/wp\/v2\/pages\/2\/revisions"}],"predecessor-version":[{"id":193,"href":"https:\/\/home.agh.edu.pl\/~brus\/wp-json\/wp\/v2\/pages\/2\/revisions\/193"}],"wp:attachment":[{"href":"https:\/\/home.agh.edu.pl\/~brus\/wp-json\/wp\/v2\/media?parent=2"}],"curies":[{"name":"wp","href":"https:\/\/api.w.org\/{rel}","templated":true}]}}