{"id":289,"date":"2025-01-18T00:08:16","date_gmt":"2025-01-17T23:08:16","guid":{"rendered":"https:\/\/home.agh.edu.pl\/~kkulak\/?page_id=289"},"modified":"2025-05-01T23:32:23","modified_gmt":"2025-05-01T21:32:23","slug":"photo-gallery","status":"publish","type":"page","link":"https:\/\/home.agh.edu.pl\/~kkulak\/photo-gallery\/","title":{"rendered":"Photo Gallery"},"content":{"rendered":"\n<h2 class=\"wp-block-heading\">Views of the world<\/h2>\n\n\n\n<p>For more visit my page on <a href=\"https:\/\/www.flickr.com\/photos\/132993465@N08\/\" target=\"_blank\" rel=\"noreferrer noopener\">Flickr.com<\/a><\/p>\n\n\n<div class='photonic-flickr-stream photonic-stream ' id='photonic-flickr-stream-1'>\n\n<div id='photonic-flickr-stream-1-container' class='title-display-slideup-stick photonic-level-2-container sizes-present photonic-random-layout photonic-thumbnail-effect-none' data-photonic-platform=\"flickr\" data-photonic-gallery-columns=\"3\" data-photonic-query=\"columns=3&amp;layout=random&amp;display=local&amp;popup=hide&amp;filter=72177720323306719,72157689288825102,72157688281184032,72157661244057567,72157686148682652&amp;filter_type=include&amp;more=&amp;panel=&amp;custom_classes=&amp;alignment=&amp;photo_layout=square&amp;caption=title&amp;thumb_size=s&amp;main_size=h&amp;tile_size=b&amp;video_size=Mobile MP4&amp;privacy_filter=&amp;count=500&amp;page=1&amp;paginate=&amp;collections_display=expanded&amp;user_id=132993465@N08&amp;collection_id=&amp;photoset_id=&amp;gallery_id=&amp;photo_id=&amp;media=all&amp;type=flickr&amp;style=default&amp;view=photosets&amp;iterate_level_3=1&amp;per_page=500&amp;photo_count=500&amp;overlay_size=s&amp;overlay_video_size=Mobile MP4\" data-photonic=\"{&quot;platform&quot;:&quot;flickr&quot;,&quot;singular&quot;:&quot;set&quot;,&quot;popup&quot;:&quot;hide&quot;,&quot;photo-count&quot;:&quot;500&quot;,&quot;overlay-size&quot;:&quot;s&quot;,&quot;overlay-video-size&quot;:&quot;Mobile MP4&quot;,&quot;thumb-size&quot;:&quot;s&quot;}\" style='--tile-min-height: 200px'>\n\t<figure class='photonic-level-2 photonic-thumb' id='photonic-flickr-set-72177720323306719-1' style='--dw: 800;--dh: 533'>\n\t\t<a href='https:\/\/www.flickr.com\/photos\/132993465@N08\/sets\/72177720323306719' title='Agion Oros' class='photonic-level-2-thumb' id='photonic-flickr-set-thumb-72177720323306719-1' data-title=\"Agion Oros\">\n\t\t\t<img alt='Agion Oros' class='random' data-src='https:\/\/live.staticflickr.com\/65535\/54276841511_3e1d663848_c.jpg' loading='lazy' width='800' height='533' \/>\n\t\t\t\n\t\t\t<figcaption class='photonic-title-info'>\n\t\t\t\t<div class='photonic-set-title photonic-title'>Agion Oros<span class=\"photonic-title-photo-count photonic-set-photo-count\">1078 photos<\/span><\/div>\n\t\t\t<\/figcaption>\n\t\t<\/a>\n\t<\/figure>\n\t<figure class='photonic-level-2 photonic-thumb' id='photonic-flickr-set-72157689288825102-1' style='--dw: 800;--dh: 533'>\n\t\t<a href='https:\/\/www.flickr.com\/photos\/132993465@N08\/sets\/72157689288825102' title='Grand Canyon' class='photonic-level-2-thumb' id='photonic-flickr-set-thumb-72157689288825102-1' data-title=\"Grand Canyon\">\n\t\t\t<img alt='Grand Canyon' class='random' data-src='https:\/\/live.staticflickr.com\/4702\/24762627787_5228f09708_c.jpg' loading='lazy' width='800' height='533' \/>\n\t\t\t\n\t\t\t<figcaption class='photonic-title-info'>\n\t\t\t\t<div class='photonic-set-title photonic-title'>Grand Canyon<span class=\"photonic-title-photo-count photonic-set-photo-count\">597 photos<\/span><\/div>\n\t\t\t<\/figcaption>\n\t\t<\/a>\n\t<\/figure>\n\t<figure class='photonic-level-2 photonic-thumb' id='photonic-flickr-set-72157688281184032-1' style='--dw: 800;--dh: 533'>\n\t\t<a href='https:\/\/www.flickr.com\/photos\/132993465@N08\/sets\/72157688281184032' title='Lower Antelope Canyon' class='photonic-level-2-thumb' id='photonic-flickr-set-thumb-72157688281184032-1' data-title=\"Lower Antelope Canyon\">\n\t\t\t<img alt='Lower Antelope Canyon' class='random' data-src='https:\/\/live.staticflickr.com\/4523\/38110473835_ae021e8fab_c.jpg' loading='lazy' width='800' height='533' \/>\n\t\t\t\n\t\t\t<figcaption class='photonic-title-info'>\n\t\t\t\t<div class='photonic-set-title photonic-title'>Lower Antelope Canyon<span class=\"photonic-title-photo-count photonic-set-photo-count\">293 photos<\/span><\/div>\n\t\t\t<\/figcaption>\n\t\t<\/a>\n\t<\/figure>\n\t<figure class='photonic-level-2 photonic-thumb' id='photonic-flickr-set-72157661244057567-1' style='--dw: 800;--dh: 533'>\n\t\t<a href='https:\/\/www.flickr.com\/photos\/132993465@N08\/sets\/72157661244057567' title='Sequoia National Park' class='photonic-level-2-thumb' id='photonic-flickr-set-thumb-72157661244057567-1' data-title=\"Sequoia National Park\">\n\t\t\t<img alt='Sequoia National Park' class='random' data-src='https:\/\/live.staticflickr.com\/4574\/24947040618_6060d007c6_c.jpg' loading='lazy' width='800' height='533' \/>\n\t\t\t\n\t\t\t<figcaption class='photonic-title-info'>\n\t\t\t\t<div class='photonic-set-title photonic-title'>Sequoia National Park<span class=\"photonic-title-photo-count photonic-set-photo-count\">255 photos<\/span><\/div>\n\t\t\t<\/figcaption>\n\t\t<\/a>\n\t<\/figure>\n\t<figure class='photonic-level-2 photonic-thumb' id='photonic-flickr-set-72157686148682652-1' style='--dw: 800;--dh: 533'>\n\t\t<a href='https:\/\/www.flickr.com\/photos\/132993465@N08\/sets\/72157686148682652' title='Boney Mountain' class='photonic-level-2-thumb' id='photonic-flickr-set-thumb-72157686148682652-1' data-title=\"Boney Mountain\">\n\t\t\t<img alt='Boney Mountain' class='random' data-src='https:\/\/live.staticflickr.com\/4445\/23814197548_8f5f9e115b_c.jpg' loading='lazy' width='800' height='533' \/>\n\t\t\t\n\t\t\t<figcaption class='photonic-title-info'>\n\t\t\t\t<div class='photonic-set-title photonic-title'>Boney Mountain<span class=\"photonic-title-photo-count photonic-set-photo-count\">159 photos<\/span><\/div>\n\t\t\t<\/figcaption>\n\t\t<\/a>\n\t<\/figure>\n\n<\/div> <!-- .\/photonic-level-2-container -->\n<span id='photonic-flickr-stream-1-container-end'><\/span>\n<\/div><!-- .photonic-stream or .photonic-panel -->\n\n\n\n<h2 class=\"wp-block-heading\">Events, observations, it just happened <\/h2>\n\n\n<div class='photonic-flickr-stream photonic-stream ' id='photonic-flickr-stream-2'>\n\n<div id='photonic-flickr-stream-2-container' class='title-display-slideup-stick photonic-level-2-container sizes-present photonic-random-layout photonic-thumbnail-effect-none' data-photonic-platform=\"flickr\" data-photonic-gallery-columns=\"auto\" data-photonic-query=\"columns=auto&amp;layout=random&amp;display=local&amp;popup=hide&amp;filter=72177720323278757,72157662883165528,72157681916883536&amp;filter_type=include&amp;more=&amp;panel=&amp;custom_classes=&amp;alignment=&amp;photo_layout=square&amp;caption=title&amp;thumb_size=s&amp;main_size=h&amp;tile_size=b&amp;video_size=Mobile MP4&amp;privacy_filter=&amp;count=500&amp;page=1&amp;paginate=&amp;collections_display=expanded&amp;user_id=132993465@N08&amp;collection_id=&amp;photoset_id=&amp;gallery_id=&amp;photo_id=&amp;media=all&amp;type=flickr&amp;style=default&amp;view=photosets&amp;iterate_level_3=1&amp;per_page=500&amp;photo_count=500&amp;overlay_size=s&amp;overlay_video_size=Mobile MP4\" data-photonic=\"{&quot;platform&quot;:&quot;flickr&quot;,&quot;singular&quot;:&quot;set&quot;,&quot;popup&quot;:&quot;hide&quot;,&quot;photo-count&quot;:&quot;500&quot;,&quot;overlay-size&quot;:&quot;s&quot;,&quot;overlay-video-size&quot;:&quot;Mobile MP4&quot;,&quot;thumb-size&quot;:&quot;s&quot;}\" style='--tile-min-height: 200px'>\n\t<figure class='photonic-level-2 photonic-thumb' id='photonic-flickr-set-72177720323278757-2' style='--dw: 800;--dh: 533'>\n\t\t<a href='https:\/\/www.flickr.com\/photos\/132993465@N08\/sets\/72177720323278757' title='The death of Pope John Paul the Second as seen from the streets from his beloved city of Krakow in May 2005' class='photonic-level-2-thumb' id='photonic-flickr-set-thumb-72177720323278757-2' data-title=\"The death of Pope John Paul the Second as seen from the streets from his beloved city of Krakow in May 2005\">\n\t\t\t<img alt='The death of Pope John Paul the Second as seen from the streets from his beloved city of Krakow in May 2005' class='random' data-src='https:\/\/live.staticflickr.com\/65535\/54276097764_8739070ab8_c.jpg' loading='lazy' width='800' height='533' \/>\n\t\t\t\n\t\t\t<figcaption class='photonic-title-info'>\n\t\t\t\t<div class='photonic-set-title photonic-title'>The death of Pope John Paul the Second as seen from the streets from his beloved city of Krakow in May 2005<span class=\"photonic-title-photo-count photonic-set-photo-count\">85 photos<\/span><\/div>\n\t\t\t<\/figcaption>\n\t\t<\/a>\n\t<\/figure>\n\t<figure class='photonic-level-2 photonic-thumb' id='photonic-flickr-set-72157662883165528-2' style='--dw: 800;--dh: 533'>\n\t\t<a href='https:\/\/www.flickr.com\/photos\/132993465@N08\/sets\/72157662883165528' title='Jewish Culture Festival &#039;17' class='photonic-level-2-thumb' id='photonic-flickr-set-thumb-72157662883165528-2' data-title=\"Jewish Culture Festival &#039;17\">\n\t\t\t<img alt='Jewish Culture Festival &#039;17' class='random' data-src='https:\/\/live.staticflickr.com\/4581\/24701192978_077285fbbb_c.jpg' loading='lazy' width='800' height='533' \/>\n\t\t\t\n\t\t\t<figcaption class='photonic-title-info'>\n\t\t\t\t<div class='photonic-set-title photonic-title'>Jewish Culture Festival &#8217;17<span class=\"photonic-title-photo-count photonic-set-photo-count\">185 photos<\/span><\/div>\n\t\t\t<\/figcaption>\n\t\t<\/a>\n\t<\/figure>\n\t<figure class='photonic-level-2 photonic-thumb' id='photonic-flickr-set-72157681916883536-2' style='--dw: 800;--dh: 533'>\n\t\t<a href='https:\/\/www.flickr.com\/photos\/132993465@N08\/sets\/72157681916883536' title='90th anniversary of Prof.  Henryk G\u00f3recki' class='photonic-level-2-thumb' id='photonic-flickr-set-thumb-72157681916883536-2' data-title=\"90th anniversary of Prof.  Henryk G\u00f3recki\">\n\t\t\t<img alt='90th anniversary of Prof.  Henryk G\u00f3recki' class='random' data-src='https:\/\/live.staticflickr.com\/2854\/32897441724_1ea354ba65_c.jpg' loading='lazy' width='800' height='533' \/>\n\t\t\t\n\t\t\t<figcaption class='photonic-title-info'>\n\t\t\t\t<div class='photonic-set-title photonic-title'>90th anniversary of Prof.  Henryk G\u00f3recki<span class=\"photonic-title-photo-count photonic-set-photo-count\">40 photos<\/span><\/div>\n\t\t\t<\/figcaption>\n\t\t<\/a>\n\t<\/figure>\n\n<\/div> <!-- .\/photonic-level-2-container -->\n<span id='photonic-flickr-stream-2-container-end'><\/span>\n<\/div><!-- .photonic-stream or .photonic-panel -->\n\n\n\n<h2 class=\"wp-block-heading\">Family and Friends<\/h2>\n\n\n<div class='photonic-flickr-stream photonic-stream ' id='photonic-flickr-stream-3'>\n\n<div id='photonic-flickr-stream-3-container' class='title-display-slideup-stick photonic-level-2-container sizes-present photonic-random-layout photonic-thumbnail-effect-none' data-photonic-platform=\"flickr\" data-photonic-gallery-columns=\"auto\" data-photonic-query=\"columns=auto&amp;layout=random&amp;display=local&amp;popup=hide&amp;filter=72177720323280467,72177720323292998,72157702166351525&amp;filter_type=include&amp;more=&amp;panel=&amp;custom_classes=&amp;alignment=&amp;photo_layout=square&amp;caption=title&amp;thumb_size=s&amp;main_size=h&amp;tile_size=b&amp;video_size=Mobile MP4&amp;privacy_filter=&amp;count=500&amp;page=1&amp;paginate=&amp;collections_display=expanded&amp;user_id=132993465@N08&amp;collection_id=&amp;photoset_id=&amp;gallery_id=&amp;photo_id=&amp;media=all&amp;type=flickr&amp;style=default&amp;view=photosets&amp;iterate_level_3=1&amp;per_page=500&amp;photo_count=500&amp;overlay_size=s&amp;overlay_video_size=Mobile MP4\" data-photonic=\"{&quot;platform&quot;:&quot;flickr&quot;,&quot;singular&quot;:&quot;set&quot;,&quot;popup&quot;:&quot;hide&quot;,&quot;photo-count&quot;:&quot;500&quot;,&quot;overlay-size&quot;:&quot;s&quot;,&quot;overlay-video-size&quot;:&quot;Mobile MP4&quot;,&quot;thumb-size&quot;:&quot;s&quot;}\" style='--tile-min-height: 200px'>\n\t<figure class='photonic-level-2 photonic-thumb' id='photonic-flickr-set-72177720323280467-3' style='--dw: 800;--dh: 533'>\n\t\t<a href='https:\/\/www.flickr.com\/photos\/132993465@N08\/sets\/72177720323280467' title='Budapest with Family &#039;17' class='photonic-level-2-thumb' id='photonic-flickr-set-thumb-72177720323280467-3' data-title=\"Budapest with Family &#039;17\">\n\t\t\t<img alt='Budapest with Family &#039;17' class='random' data-src='https:\/\/live.staticflickr.com\/4501\/37400317436_f37b25a8cc_c.jpg' loading='lazy' width='800' height='533' \/>\n\t\t\t\n\t\t\t<figcaption class='photonic-title-info'>\n\t\t\t\t<div class='photonic-set-title photonic-title'>Budapest with Family &#8217;17<span class=\"photonic-title-photo-count photonic-set-photo-count\">646 photos<\/span><\/div>\n\t\t\t<\/figcaption>\n\t\t<\/a>\n\t<\/figure>\n\t<figure class='photonic-level-2 photonic-thumb' id='photonic-flickr-set-72177720323292998-3' style='--dw: 800;--dh: 533'>\n\t\t<a href='https:\/\/www.flickr.com\/photos\/132993465@N08\/sets\/72177720323292998' title='The colors of autumn - a record of our autumn hike in the \u017bywiec Beskid Mountains in 2005' class='photonic-level-2-thumb' id='photonic-flickr-set-thumb-72177720323292998-3' data-title=\"The colors of autumn - a record of our autumn hike in the \u017bywiec Beskid Mountains in 2005\">\n\t\t\t<img alt='The colors of autumn - a record of our autumn hike in the \u017bywiec Beskid Mountains in 2005' class='random' data-src='https:\/\/live.staticflickr.com\/65535\/54275871526_53b3fbdd0b_c.jpg' loading='lazy' width='800' height='533' \/>\n\t\t\t\n\t\t\t<figcaption class='photonic-title-info'>\n\t\t\t\t<div class='photonic-set-title photonic-title'>The colors of autumn &#8211; a record of our autumn hike in the \u017bywiec Beskid Mountains in 2005<span class=\"photonic-title-photo-count photonic-set-photo-count\">256 photos<\/span><\/div>\n\t\t\t<\/figcaption>\n\t\t<\/a>\n\t<\/figure>\n\t<figure class='photonic-level-2 photonic-thumb' id='photonic-flickr-set-72157702166351525-3' style='--dw: 800;--dh: 600'>\n\t\t<a href='https:\/\/www.flickr.com\/photos\/132993465@N08\/sets\/72157702166351525' title='Rysy &#039;18' class='photonic-level-2-thumb' id='photonic-flickr-set-thumb-72157702166351525-3' data-title=\"Rysy &#039;18\">\n\t\t\t<img alt='Rysy &#039;18' class='random' data-src='https:\/\/live.staticflickr.com\/1943\/44115677185_78b023b18d_c.jpg' loading='lazy' width='800' height='600' \/>\n\t\t\t\n\t\t\t<figcaption class='photonic-title-info'>\n\t\t\t\t<div class='photonic-set-title photonic-title'>Rysy &#8217;18<span class=\"photonic-title-photo-count photonic-set-photo-count\">226 photos<\/span><\/div>\n\t\t\t<\/figcaption>\n\t\t<\/a>\n\t<\/figure>\n\n<\/div> <!-- .\/photonic-level-2-container -->\n<span id='photonic-flickr-stream-3-container-end'><\/span>\n<\/div><!-- .photonic-stream or .photonic-panel -->\n\n\n\n<h2 class=\"wp-block-heading\">Memories<\/h2>\n\n\n\n<p>W niedziele, 19 stycznia 2025 zmar\u0142 Piotr Wr\u00f3bel. Zmar\u0142 Dobry Cz\u0142owiek, kt\u00f3ry roztacza\u0142 wok\u00f3\u0142 siebie aur\u0119 \u017cyczliwo\u015bci i szacunku. Zawsze godny zaufania. Pe\u0142en poczucia humoru i tryskaj\u0105cy energi\u0105. Zmar\u0142, jak to bywa w przypadku takich os\u00f3b, przedwcze\u015bnie! Ale mo\u017ce Panu Buckowi bacy ryftyk trza by\u0142o na niebieskiech po\u0142oninach? <br>Znali\u015bmy Piotra od prawie pi\u0119tnastu lat. Przez ten czas wiele razy korzystali\u015bmy z jego go\u015bcinno\u015bci w o\u015brodku w Kotani, w sercu Beskidu Niskiego.  Zafascynowani jego opowie\u015bciami o ludziach, czasach i Beskidach zawsze ch\u0119tnie wracali\u015bmy w to miejsce.<\/p>\n\n\n\n<p>On Sunday, January 19, 2025, Piotr Wr\u00f3bel (Peter Sparrow) passed away. Died A good man who spread an aura of kindness and respect around him. Always trustworthy. Full of humor and bursting with energy. He died, as it happens, prematurely! But perhaps the Lord was in urgent need of a shepherd in the heavenly meadows?<br>We knew Peter for almost fifteen years. During this time we enjoyed his hospitality many times at the resort in Kota\u0144, in the heart of the Low Beskids. Fascinated by his stories about people, times and the Beskids, we were always happy to return to this place.<\/p>\n\n\n<div class='photonic-flickr-stream photonic-stream ' id='photonic-flickr-stream-4'>\n\n<div id='photonic-flickr-stream-4-container' class='title-display-slideup-stick photonic-level-2-container sizes-present photonic-random-layout photonic-thumbnail-effect-none' data-photonic-platform=\"flickr\" data-photonic-gallery-columns=\"auto\" data-photonic-query=\"columns=auto&amp;layout=random&amp;display=local&amp;popup=hide&amp;filter=72177720323349866&amp;filter_type=include&amp;more=&amp;panel=&amp;custom_classes=&amp;alignment=&amp;photo_layout=square&amp;caption=title&amp;thumb_size=s&amp;main_size=h&amp;tile_size=b&amp;video_size=Mobile MP4&amp;privacy_filter=&amp;count=500&amp;page=1&amp;paginate=&amp;collections_display=expanded&amp;user_id=132993465@N08&amp;collection_id=&amp;photoset_id=&amp;gallery_id=&amp;photo_id=&amp;media=all&amp;type=flickr&amp;style=default&amp;view=photosets&amp;iterate_level_3=1&amp;per_page=500&amp;photo_count=500&amp;overlay_size=s&amp;overlay_video_size=Mobile MP4\" data-photonic=\"{&quot;platform&quot;:&quot;flickr&quot;,&quot;singular&quot;:&quot;set&quot;,&quot;popup&quot;:&quot;hide&quot;,&quot;photo-count&quot;:&quot;500&quot;,&quot;overlay-size&quot;:&quot;s&quot;,&quot;overlay-video-size&quot;:&quot;Mobile MP4&quot;,&quot;thumb-size&quot;:&quot;s&quot;}\" style='--tile-min-height: 200px'>\n\t<figure class='photonic-level-2 photonic-thumb' id='photonic-flickr-set-72177720323349866-4' style='--dw: 800;--dh: 533'>\n\t\t<a href='https:\/\/www.flickr.com\/photos\/132993465@N08\/sets\/72177720323349866' title='Wspomnienie o Piotrze Wr\u00f3blu (Memories of Piotr Wr\u00f3bel)' class='photonic-level-2-thumb' id='photonic-flickr-set-thumb-72177720323349866-4' data-title=\"Wspomnienie o Piotrze Wr\u00f3blu (Memories of Piotr Wr\u00f3bel)\">\n\t\t\t<img alt='Wspomnienie o Piotrze Wr\u00f3blu (Memories of Piotr Wr\u00f3bel)' class='random' data-src='https:\/\/live.staticflickr.com\/65535\/54283211905_391832ca97_c.jpg' loading='lazy' width='800' height='533' \/>\n\t\t\t\n\t\t\t<figcaption class='photonic-title-info'>\n\t\t\t\t<div class='photonic-set-title photonic-title'>Wspomnienie o Piotrze Wr\u00f3blu (Memories of Piotr Wr\u00f3bel)<span class=\"photonic-title-photo-count photonic-set-photo-count\">37 photos<\/span><\/div>\n\t\t\t<\/figcaption>\n\t\t<\/a>\n\t<\/figure>\n\n<\/div> <!-- .\/photonic-level-2-container -->\n<span id='photonic-flickr-stream-4-container-end'><\/span>\n<\/div><!-- .photonic-stream or .photonic-panel -->\n\n\n\n<p><\/p>\n","protected":false},"excerpt":{"rendered":"<p>Views of the world For more visit my page on Flickr.com Events, observations, it just happened Family and Friends Memories W niedziele, 19 stycznia 2025 zmar\u0142 Piotr Wr\u00f3bel. Zmar\u0142 Dobry Cz\u0142owiek, kt\u00f3ry roztacza\u0142 wok\u00f3\u0142 siebie aur\u0119 \u017cyczliwo\u015bci i szacunku. Zawsze godny zaufania. Pe\u0142en poczucia humoru i tryskaj\u0105cy energi\u0105. Zmar\u0142, jak to bywa w przypadku takich [&hellip;]<\/p>\n","protected":false},"author":1,"featured_media":0,"parent":0,"menu_order":0,"comment_status":"closed","ping_status":"closed","template":"page-templates\/full-width.php","meta":{"footnotes":""},"class_list":["post-289","page","type-page","status-publish","hentry"],"_links":{"self":[{"href":"https:\/\/home.agh.edu.pl\/~kkulak\/wp-json\/wp\/v2\/pages\/289","targetHints":{"allow":["GET"]}}],"collection":[{"href":"https:\/\/home.agh.edu.pl\/~kkulak\/wp-json\/wp\/v2\/pages"}],"about":[{"href":"https:\/\/home.agh.edu.pl\/~kkulak\/wp-json\/wp\/v2\/types\/page"}],"author":[{"embeddable":true,"href":"https:\/\/home.agh.edu.pl\/~kkulak\/wp-json\/wp\/v2\/users\/1"}],"replies":[{"embeddable":true,"href":"https:\/\/home.agh.edu.pl\/~kkulak\/wp-json\/wp\/v2\/comments?post=289"}],"version-history":[{"count":22,"href":"https:\/\/home.agh.edu.pl\/~kkulak\/wp-json\/wp\/v2\/pages\/289\/revisions"}],"predecessor-version":[{"id":431,"href":"https:\/\/home.agh.edu.pl\/~kkulak\/wp-json\/wp\/v2\/pages\/289\/revisions\/431"}],"wp:attachment":[{"href":"https:\/\/home.agh.edu.pl\/~kkulak\/wp-json\/wp\/v2\/media?parent=289"}],"curies":[{"name":"wp","href":"https:\/\/api.w.org\/{rel}","templated":true}]}}