{"id":130,"date":"2024-07-25T16:06:54","date_gmt":"2024-07-25T14:06:54","guid":{"rendered":"https:\/\/home.agh.edu.pl\/~krupa\/?page_id=130"},"modified":"2025-04-07T15:26:04","modified_gmt":"2025-04-07T13:26:04","slug":"dydaktyka","status":"publish","type":"page","link":"https:\/\/home.agh.edu.pl\/~krupa\/dydaktyka\/","title":{"rendered":"Dydaktyka"},"content":{"rendered":"\t\t<div data-elementor-type=\"wp-page\" data-elementor-id=\"130\" class=\"elementor elementor-130\">\n\t\t\t\t\t\t<section class=\"elementor-section elementor-top-section elementor-element elementor-element-420601d elementor-section-boxed elementor-section-height-default elementor-section-height-default\" data-id=\"420601d\" data-element_type=\"section\" data-e-type=\"section\">\n\t\t\t\t\t\t<div class=\"elementor-container elementor-column-gap-default\">\n\t\t\t\t\t<div class=\"elementor-column elementor-col-100 elementor-top-column elementor-element elementor-element-d4ecd94\" data-id=\"d4ecd94\" data-element_type=\"column\" data-e-type=\"column\">\n\t\t\t<div class=\"elementor-widget-wrap elementor-element-populated\">\n\t\t\t\t\t\t<div class=\"elementor-element elementor-element-96afd54 elementor-widget elementor-widget-heading\" data-id=\"96afd54\" data-element_type=\"widget\" data-e-type=\"widget\" data-widget_type=\"heading.default\">\n\t\t\t\t<div class=\"elementor-widget-container\">\n\t\t\t\t\t<h2 class=\"elementor-heading-title elementor-size-default\">Zaj\u0119cia dydaktyczne<\/h2>\t\t\t\t<\/div>\n\t\t\t\t<\/div>\n\t\t\t\t\t<\/div>\n\t\t<\/div>\n\t\t\t\t\t<\/div>\n\t\t<\/section>\n\t\t\t\t<section class=\"elementor-section elementor-top-section elementor-element elementor-element-85e2dad elementor-section-boxed elementor-section-height-default elementor-section-height-default\" data-id=\"85e2dad\" data-element_type=\"section\" data-e-type=\"section\">\n\t\t\t\t\t\t<div class=\"elementor-container elementor-column-gap-default\">\n\t\t\t\t\t<div class=\"elementor-column elementor-col-50 elementor-top-column elementor-element elementor-element-65b3588\" data-id=\"65b3588\" data-element_type=\"column\" data-e-type=\"column\">\n\t\t\t<div class=\"elementor-widget-wrap elementor-element-populated\">\n\t\t\t\t\t\t<div class=\"elementor-element elementor-element-df85a2e elementor-view-stacked elementor-shape-circle elementor-widget elementor-widget-icon\" data-id=\"df85a2e\" data-element_type=\"widget\" data-e-type=\"widget\" data-widget_type=\"icon.default\">\n\t\t\t\t<div class=\"elementor-widget-container\">\n\t\t\t\t\t\t\t<div class=\"elementor-icon-wrapper\">\n\t\t\t<div class=\"elementor-icon\">\n\t\t\t<i aria-hidden=\"true\" class=\"far fa-calendar-check\"><\/i>\t\t\t<\/div>\n\t\t<\/div>\n\t\t\t\t\t\t<\/div>\n\t\t\t\t<\/div>\n\t\t\t\t\t<\/div>\n\t\t<\/div>\n\t\t\t\t<div class=\"elementor-column elementor-col-50 elementor-top-column elementor-element elementor-element-a52656c\" data-id=\"a52656c\" data-element_type=\"column\" data-e-type=\"column\">\n\t\t\t<div class=\"elementor-widget-wrap elementor-element-populated\">\n\t\t\t\t\t\t<div class=\"elementor-element elementor-element-443951c elementor-widget elementor-widget-text-editor\" data-id=\"443951c\" data-element_type=\"widget\" data-e-type=\"widget\" data-widget_type=\"text-editor.default\">\n\t\t\t\t<div class=\"elementor-widget-container\">\n\t\t\t\t\t\t\t\t\t<h4>Konsultacje w semestrze letnim 2024\/25<\/h4><p>Wtorki, godz. 10:00-11:00, p. 307, bud. B2<\/p>\t\t\t\t\t\t\t\t<\/div>\n\t\t\t\t<\/div>\n\t\t\t\t\t<\/div>\n\t\t<\/div>\n\t\t\t\t\t<\/div>\n\t\t<\/section>\n\t\t\t\t<section class=\"elementor-section elementor-top-section elementor-element elementor-element-2c3900a elementor-section-boxed elementor-section-height-default elementor-section-height-default\" data-id=\"2c3900a\" data-element_type=\"section\" data-e-type=\"section\">\n\t\t\t\t\t\t<div class=\"elementor-container elementor-column-gap-default\">\n\t\t\t\t\t<div class=\"elementor-column elementor-col-100 elementor-top-column elementor-element elementor-element-7530ae8\" data-id=\"7530ae8\" data-element_type=\"column\" data-e-type=\"column\">\n\t\t\t<div class=\"elementor-widget-wrap elementor-element-populated\">\n\t\t\t\t\t\t<div class=\"elementor-element elementor-element-4cd2eaf elementor-widget elementor-widget-spacer\" data-id=\"4cd2eaf\" data-element_type=\"widget\" data-e-type=\"widget\" data-widget_type=\"spacer.default\">\n\t\t\t\t<div class=\"elementor-widget-container\">\n\t\t\t\t\t\t\t<div class=\"elementor-spacer\">\n\t\t\t<div class=\"elementor-spacer-inner\"><\/div>\n\t\t<\/div>\n\t\t\t\t\t\t<\/div>\n\t\t\t\t<\/div>\n\t\t\t\t\t<\/div>\n\t\t<\/div>\n\t\t\t\t\t<\/div>\n\t\t<\/section>\n\t\t\t\t<section class=\"elementor-section elementor-top-section elementor-element elementor-element-ab033ab elementor-section-boxed elementor-section-height-default elementor-section-height-default\" data-id=\"ab033ab\" data-element_type=\"section\" data-e-type=\"section\">\n\t\t\t\t\t\t<div class=\"elementor-container elementor-column-gap-default\">\n\t\t\t\t\t<div class=\"elementor-column elementor-col-100 elementor-top-column elementor-element elementor-element-3640725\" data-id=\"3640725\" data-element_type=\"column\" data-e-type=\"column\">\n\t\t\t<div class=\"elementor-widget-wrap elementor-element-populated\">\n\t\t\t\t\t\t<div class=\"elementor-element elementor-element-bd37e0a elementor-widget elementor-widget-accordion\" data-id=\"bd37e0a\" data-element_type=\"widget\" data-e-type=\"widget\" data-widget_type=\"accordion.default\">\n\t\t\t\t<div class=\"elementor-widget-container\">\n\t\t\t\t\t\t\t<div class=\"elementor-accordion\">\n\t\t\t\t\t\t\t<div class=\"elementor-accordion-item\">\n\t\t\t\t\t<h4 id=\"elementor-tab-title-1981\" class=\"elementor-tab-title\" data-tab=\"1\" role=\"button\" aria-controls=\"elementor-tab-content-1981\" aria-expanded=\"false\">\n\t\t\t\t\t\t\t\t\t\t\t\t\t<span class=\"elementor-accordion-icon elementor-accordion-icon-right\" aria-hidden=\"true\">\n\t\t\t\t\t\t\t\t\t\t\t\t\t\t\t<span class=\"elementor-accordion-icon-closed\"><i class=\"fas fa-plus\"><\/i><\/span>\n\t\t\t\t\t\t\t\t<span class=\"elementor-accordion-icon-opened\"><i class=\"fas fa-minus\"><\/i><\/span>\n\t\t\t\t\t\t\t\t\t\t\t\t\t\t<\/span>\n\t\t\t\t\t\t\t\t\t\t\t\t<a class=\"elementor-accordion-title\" tabindex=\"0\">Zapis konstrukcji<\/a>\n\t\t\t\t\t<\/h4>\n\t\t\t\t\t<div id=\"elementor-tab-content-1981\" class=\"elementor-tab-content elementor-clearfix\" data-tab=\"1\" role=\"region\" aria-labelledby=\"elementor-tab-title-1981\"><p>Zac\u0119cam do korzystania z grupy w MS Teams.<\/p><p><br \/><strong>Litertatura<br \/><\/strong>Dobrza\u0144ski T.: Rysunek techniczny maszynowy, WNT, wyd.2003 i\u00a0p\u00f3\u017aniejsze.<br \/>Sujecki K., Burkiewicz J.: Zapis konstrukcji i Grafika In\u017cynierska, WN-D AGH, Krak\u00f3w, 2009.<br \/>Rydzanicz I.: Zapis konstrukcji. Zadania, WNT, 1999.<\/p><\/div>\n\t\t\t\t<\/div>\n\t\t\t\t\t\t\t<div class=\"elementor-accordion-item\">\n\t\t\t\t\t<h4 id=\"elementor-tab-title-1982\" class=\"elementor-tab-title\" data-tab=\"2\" role=\"button\" aria-controls=\"elementor-tab-content-1982\" aria-expanded=\"false\">\n\t\t\t\t\t\t\t\t\t\t\t\t\t<span class=\"elementor-accordion-icon elementor-accordion-icon-right\" aria-hidden=\"true\">\n\t\t\t\t\t\t\t\t\t\t\t\t\t\t\t<span class=\"elementor-accordion-icon-closed\"><i class=\"fas fa-plus\"><\/i><\/span>\n\t\t\t\t\t\t\t\t<span class=\"elementor-accordion-icon-opened\"><i class=\"fas fa-minus\"><\/i><\/span>\n\t\t\t\t\t\t\t\t\t\t\t\t\t\t<\/span>\n\t\t\t\t\t\t\t\t\t\t\t\t<a class=\"elementor-accordion-title\" tabindex=\"0\">Grafika In\u017cynierska | Zapis Konstrukcji 2<\/a>\n\t\t\t\t\t<\/h4>\n\t\t\t\t\t<div id=\"elementor-tab-content-1982\" class=\"elementor-tab-content elementor-clearfix\" data-tab=\"2\" role=\"region\" aria-labelledby=\"elementor-tab-title-1982\"><p>Zac\u0119cam do korzystania z grupy w MS Teams.<\/p><p><strong>Litertatura<br \/><\/strong>Dobrza\u0144ski T.: Rysunek techniczny maszynowy, WNT, wyd.2003 i\u00a0p\u00f3\u017aniejsze.<br \/>Sujecki K., Burkiewicz J.: Zapis konstrukcji i Grafika In\u017cynierska, WN-D AGH, Krak\u00f3w, 2009.<br \/>Rydzanicz I.: Zapis konstrukcji. Zadania, WNT, 1999.<\/p><\/div>\n\t\t\t\t<\/div>\n\t\t\t\t\t\t\t<div class=\"elementor-accordion-item\">\n\t\t\t\t\t<h4 id=\"elementor-tab-title-1983\" class=\"elementor-tab-title\" data-tab=\"3\" role=\"button\" aria-controls=\"elementor-tab-content-1983\" aria-expanded=\"false\">\n\t\t\t\t\t\t\t\t\t\t\t\t\t<span class=\"elementor-accordion-icon elementor-accordion-icon-right\" aria-hidden=\"true\">\n\t\t\t\t\t\t\t\t\t\t\t\t\t\t\t<span class=\"elementor-accordion-icon-closed\"><i class=\"fas fa-plus\"><\/i><\/span>\n\t\t\t\t\t\t\t\t<span class=\"elementor-accordion-icon-opened\"><i class=\"fas fa-minus\"><\/i><\/span>\n\t\t\t\t\t\t\t\t\t\t\t\t\t\t<\/span>\n\t\t\t\t\t\t\t\t\t\t\t\t<a class=\"elementor-accordion-title\" tabindex=\"0\">Podstawy Nauki o Materia\u0142ach<\/a>\n\t\t\t\t\t<\/h4>\n\t\t\t\t\t<div id=\"elementor-tab-content-1983\" class=\"elementor-tab-content elementor-clearfix\" data-tab=\"3\" role=\"region\" aria-labelledby=\"elementor-tab-title-1983\"><p>Laboratorium <strong>&#8222;Badanie folii metod\u0105 swobodnie spadaj\u0105cego grotu&#8221;<\/strong>. W ramach laboratorium studenci dziel\u0105 si\u0119 na zespo\u0142y 2-obowe, w kt\u00f3rych przeprowadzaj\u0105 eksperymenty oraz przygotowuj\u0105 sprawozdanie. <br><\/p>\n<p>Oceny z laboratori\u00f3w b\u0119d\u0105 umieszczone w USOS. <br>Dla grup, kt\u00f3re odby\u0142y zaj\u0119cia do wakacji wiosennych wyniki pojawi\u0105 si\u0119 nie wcze\u015bniej ni\u017c po weekendzie majowym, dla pozosta\u0142ych grup oceny zostan\u0105 umieszczone do ko\u0144ca czerwca. <br><\/p><\/div>\n\t\t\t\t<\/div>\n\t\t\t\t\t\t\t\t\t\t<script type=\"application\/ld+json\">{\"@context\":\"https:\\\/\\\/schema.org\",\"@type\":\"FAQPage\",\"mainEntity\":[{\"@type\":\"Question\",\"name\":\"Zapis konstrukcji\",\"acceptedAnswer\":{\"@type\":\"Answer\",\"text\":\"<p>Zac\\u0119cam do korzystania z grupy w MS Teams.<\\\/p><p><br \\\/><strong>Litertatura<br \\\/><\\\/strong>Dobrza\\u0144ski T.: Rysunek techniczny maszynowy, WNT, wyd.2003 i\\u00a0p\\u00f3\\u017aniejsze.<br \\\/>Sujecki K., Burkiewicz J.: Zapis konstrukcji i Grafika In\\u017cynierska, WN-D AGH, Krak\\u00f3w, 2009.<br \\\/>Rydzanicz I.: Zapis konstrukcji. Zadania, WNT, 1999.<\\\/p>\"}},{\"@type\":\"Question\",\"name\":\"Grafika In\\u017cynierska | Zapis Konstrukcji 2\",\"acceptedAnswer\":{\"@type\":\"Answer\",\"text\":\"<p>Zac\\u0119cam do korzystania z grupy w MS Teams.<\\\/p><p><strong>Litertatura<br \\\/><\\\/strong>Dobrza\\u0144ski T.: Rysunek techniczny maszynowy, WNT, wyd.2003 i\\u00a0p\\u00f3\\u017aniejsze.<br \\\/>Sujecki K., Burkiewicz J.: Zapis konstrukcji i Grafika In\\u017cynierska, WN-D AGH, Krak\\u00f3w, 2009.<br \\\/>Rydzanicz I.: Zapis konstrukcji. Zadania, WNT, 1999.<\\\/p>\"}},{\"@type\":\"Question\",\"name\":\"Podstawy Nauki o Materia\\u0142ach\",\"acceptedAnswer\":{\"@type\":\"Answer\",\"text\":\"<p>Laboratorium <strong>&#8222;Badanie folii metod\\u0105 swobodnie spadaj\\u0105cego grotu&#8221;<\\\/strong>. W ramach laboratorium studenci dziel\\u0105 si\\u0119 na zespo\\u0142y 2-obowe, w kt\\u00f3rych przeprowadzaj\\u0105 eksperymenty oraz przygotowuj\\u0105 sprawozdanie. <br><\\\/p>\\n<p>Oceny z laboratori\\u00f3w b\\u0119d\\u0105 umieszczone w USOS. <br>Dla grup, kt\\u00f3re odby\\u0142y zaj\\u0119cia do wakacji wiosennych wyniki pojawi\\u0105 si\\u0119 nie wcze\\u015bniej ni\\u017c po weekendzie majowym, dla pozosta\\u0142ych grup oceny zostan\\u0105 umieszczone do ko\\u0144ca czerwca. <br><\\\/p>\"}}]}<\/script>\n\t\t\t\t\t<\/div>\n\t\t\t\t\t\t<\/div>\n\t\t\t\t<\/div>\n\t\t\t\t\t<\/div>\n\t\t<\/div>\n\t\t\t\t\t<\/div>\n\t\t<\/section>\n\t\t\t\t<\/div>\n\t\t","protected":false},"excerpt":{"rendered":"<p>Zaj\u0119cia dydaktyczne Konsultacje w semestrze letnim 2024\/25 Wtorki, godz. 10:00-11:00, p. 307, bud. B2 Zapis konstrukcji Zac\u0119cam do korzystania z grupy w MS Teams. LitertaturaDobrza\u0144ski T.: Rysunek techniczny maszynowy, WNT, wyd.2003 i\u00a0p\u00f3\u017aniejsze.Sujecki K., Burkiewicz J.: Zapis konstrukcji i Grafika In\u017cynierska, WN-D AGH, Krak\u00f3w, 2009.Rydzanicz I.: Zapis konstrukcji. Zadania, WNT, 1999. Grafika In\u017cynierska | Zapis Konstrukcji&hellip;&nbsp;<a href=\"https:\/\/home.agh.edu.pl\/~krupa\/dydaktyka\/\" rel=\"bookmark\">Dowiedz si\u0119 wi\u0119cej &raquo;<span class=\"screen-reader-text\">Dydaktyka<\/span><\/a><\/p>\n","protected":false},"author":1,"featured_media":0,"parent":0,"menu_order":0,"comment_status":"closed","ping_status":"closed","template":"page-templates\/template-pagebuilder-full-width.php","meta":{"_monsterinsights_skip_tracking":false,"_monsterinsights_sitenote_active":false,"_monsterinsights_sitenote_note":"","_monsterinsights_sitenote_category":0,"neve_meta_sidebar":"","neve_meta_container":"","neve_meta_enable_content_width":"","neve_meta_content_width":0,"neve_meta_title_alignment":"","neve_meta_author_avatar":"","neve_post_elements_order":"","neve_meta_disable_header":"","neve_meta_disable_footer":"","neve_meta_disable_title":"","footnotes":""},"class_list":["post-130","page","type-page","status-publish","hentry"],"_links":{"self":[{"href":"https:\/\/home.agh.edu.pl\/~krupa\/wp-json\/wp\/v2\/pages\/130","targetHints":{"allow":["GET"]}}],"collection":[{"href":"https:\/\/home.agh.edu.pl\/~krupa\/wp-json\/wp\/v2\/pages"}],"about":[{"href":"https:\/\/home.agh.edu.pl\/~krupa\/wp-json\/wp\/v2\/types\/page"}],"author":[{"embeddable":true,"href":"https:\/\/home.agh.edu.pl\/~krupa\/wp-json\/wp\/v2\/users\/1"}],"replies":[{"embeddable":true,"href":"https:\/\/home.agh.edu.pl\/~krupa\/wp-json\/wp\/v2\/comments?post=130"}],"version-history":[{"count":25,"href":"https:\/\/home.agh.edu.pl\/~krupa\/wp-json\/wp\/v2\/pages\/130\/revisions"}],"predecessor-version":[{"id":211,"href":"https:\/\/home.agh.edu.pl\/~krupa\/wp-json\/wp\/v2\/pages\/130\/revisions\/211"}],"wp:attachment":[{"href":"https:\/\/home.agh.edu.pl\/~krupa\/wp-json\/wp\/v2\/media?parent=130"}],"curies":[{"name":"wp","href":"https:\/\/api.w.org\/{rel}","templated":true}]}}