{"id":770,"date":"2022-03-23T19:18:48","date_gmt":"2022-03-23T18:18:48","guid":{"rendered":"http:\/\/home.agh.edu.pl\/~robertb\/?page_id=770"},"modified":"2026-03-16T13:54:51","modified_gmt":"2026-03-16T12:54:51","slug":"elektrotechnika-i-elektronika","status":"publish","type":"page","link":"https:\/\/home.agh.edu.pl\/~robertb\/elektrotechnika-i-elektronika\/","title":{"rendered":"Elektrotechnika i Elektronika"},"content":{"rendered":"\n<p>Szczeg\u00f3\u0142y zaj\u0119\u0107 &#8211; zapraszam na UPEL.<\/p>\n\n\n\n<p>Poni\u017cej kilka link\u00f3w kt\u00f3re mog\u0105 si\u0119 przyda\u0107 w praktycznych zastosowaniach:<\/p>\n\n\n\n<figure class=\"wp-block-table is-style-stripes\"><table><tbody><tr><td><a href=\"https:\/\/laczynasnapiecie.pl\/blog\/dopuszczalna-maksymalna-obciazalnosc-przewodow-jaki-prad-w-jakim-przekroju-i-z-jakim-zabezpieczeniem\" data-type=\"URL\" data-id=\"https:\/\/laczynasnapiecie.pl\/blog\/dopuszczalna-maksymalna-obciazalnosc-przewodow-jaki-prad-w-jakim-przekroju-i-z-jakim-zabezpieczeniem\" target=\"_blank\" rel=\"noreferrer noopener\">link<\/a><\/td><td><\/td><td>Dopuszczalna maksymalna obci\u0105\u017calno\u015b\u0107 przewod\u00f3w \u2013 jaki pr\u0105d w jakim przekroju i z jakim zabezpieczeniem?<\/td><td><\/td><\/tr><tr><td><a href=\"http:\/\/sim.okawa-denshi.jp\/en\/Fkeisan.htm\" data-type=\"URL\" data-id=\"http:\/\/sim.okawa-denshi.jp\/en\/Fkeisan.htm\">link<\/a><\/td><td><\/td><td>Projektowanie filtr\u00f3w analogowych<\/td><td><\/td><\/tr><tr><td><a href=\"https:\/\/home.agh.edu.pl\/~robertb\/moc-czynna-bierna-pozorna\/\" data-type=\"page\" data-id=\"857\">link<\/a><\/td><td><\/td><td>Symulacja &#8211; wp\u0142yw charakteru obci\u0105\u017cenia (RLC) na moc w obwodach pr\u0105du przemiennego<\/td><td><\/td><\/tr><tr><td><\/td><td><\/td><td><\/td><td><\/td><\/tr><\/tbody><\/table><\/figure>\n","protected":false},"excerpt":{"rendered":"<p>Szczeg\u00f3\u0142y zaj\u0119\u0107 &#8211; zapraszam na UPEL. Poni\u017cej kilka link\u00f3w kt\u00f3re mog\u0105 si\u0119 przyda\u0107 w praktycznych zastosowaniach: link Dopuszczalna maksymalna obci\u0105\u017calno\u015b\u0107 przewod\u00f3w \u2013 jaki pr\u0105d w jakim przekroju i z jakim zabezpieczeniem? link Projektowanie filtr\u00f3w analogowych link Symulacja &#8211; wp\u0142yw charakteru obci\u0105\u017cenia (RLC) na moc w obwodach pr\u0105du przemiennego<\/p>\n","protected":false},"author":1,"featured_media":0,"parent":0,"menu_order":0,"comment_status":"closed","ping_status":"closed","template":"","meta":{"neve_meta_sidebar":"full-width","neve_meta_container":"","neve_meta_enable_content_width":"on","neve_meta_content_width":100,"neve_meta_title_alignment":"","neve_meta_author_avatar":"","neve_post_elements_order":"","neve_meta_disable_header":"","neve_meta_disable_footer":"","neve_meta_disable_title":"","_ti_tpc_template_sync":false,"_ti_tpc_template_id":"","footnotes":""},"class_list":["post-770","page","type-page","status-publish","hentry"],"_links":{"self":[{"href":"https:\/\/home.agh.edu.pl\/~robertb\/wp-json\/wp\/v2\/pages\/770","targetHints":{"allow":["GET"]}}],"collection":[{"href":"https:\/\/home.agh.edu.pl\/~robertb\/wp-json\/wp\/v2\/pages"}],"about":[{"href":"https:\/\/home.agh.edu.pl\/~robertb\/wp-json\/wp\/v2\/types\/page"}],"author":[{"embeddable":true,"href":"https:\/\/home.agh.edu.pl\/~robertb\/wp-json\/wp\/v2\/users\/1"}],"replies":[{"embeddable":true,"href":"https:\/\/home.agh.edu.pl\/~robertb\/wp-json\/wp\/v2\/comments?post=770"}],"version-history":[{"count":6,"href":"https:\/\/home.agh.edu.pl\/~robertb\/wp-json\/wp\/v2\/pages\/770\/revisions"}],"predecessor-version":[{"id":863,"href":"https:\/\/home.agh.edu.pl\/~robertb\/wp-json\/wp\/v2\/pages\/770\/revisions\/863"}],"wp:attachment":[{"href":"https:\/\/home.agh.edu.pl\/~robertb\/wp-json\/wp\/v2\/media?parent=770"}],"curies":[{"name":"wp","href":"https:\/\/api.w.org\/{rel}","templated":true}]}}