{"id":801,"date":"2022-12-10T20:24:19","date_gmt":"2022-12-10T19:24:19","guid":{"rendered":"http:\/\/home.agh.edu.pl\/~robertb\/?page_id=801"},"modified":"2022-12-10T20:24:20","modified_gmt":"2022-12-10T19:24:20","slug":"bibliografia-artykuly","status":"publish","type":"page","link":"https:\/\/home.agh.edu.pl\/~robertb\/bibliografia-artykuly\/","title":{"rendered":"Bibliografia\/artyku\u0142y"},"content":{"rendered":"<p>Pe\u0142na lista z publikacjami afiliowanymi przez AGH znajduje si\u0119 w <a href=\"https:\/\/bpp.agh.edu.pl\/autor\/?idA=04846&amp;fodR=0&amp;fdoR=0&amp;fagTP=0&amp;fagIF=0&amp;fagPM=0&amp;afi=1&amp;vt=c#vtype\" target=\"_blank\" rel=\"noopener\">wykazie publikacji AGH<\/a>.<\/p>\n<p>Poni\u017cej kilka wybranych publikacji:<\/p>\n\n\n<ul class=\"wp-block-list\">\n<li><em><a rel=\"noreferrer noopener\" href=\"https:\/\/rehmed.pl\/api\/files\/download\/1906725.pdf\" data-type=\"URL\" data-id=\"https:\/\/rehmed.pl\/api\/files\/download\/1906725.pdf\" target=\"_blank\">Simultaneous measurement of maximum respiratory pressures and respiratory muscle electromyography in a stroke patient \u2013 changes after implemented physiotherapy \u2013 preliminary case report<\/a><\/em>, Agnieszka \u015aliwka, Wioleta Rosa, Natalia Madej, Robert Bara\u0144ski, Rafa\u0142 Pili\u0144ski, Dominika Kurda, Mateusz Stec, Roman Nowobilski, 2022<\/li>\n\n\n\n<li><em><a href=\"https:\/\/www.mdpi.com\/1424-8220\/22\/10\/3811\/pdf?version=1652797326\" data-type=\"URL\" data-id=\"https:\/\/www.mdpi.com\/1424-8220\/22\/10\/3811\/pdf?version=1652797326\" target=\"_blank\" rel=\"noreferrer noopener\">sEMG and vibration system monitoring for differential diagnosis in temporomandibular joint disorders<\/a><\/em>, Ma\u0142gorzata Kulesa-Mrowiecka, Robert BARA\u0143SKI, Maciej K\u0141ACZY\u0143SKI, 2022<\/li>\n\n\n\n<li><em><a href=\"https:\/\/journals.pan.pl\/dlibra\/publication\/142273\/edition\/124542\/content\" data-type=\"URL\" data-id=\"https:\/\/journals.pan.pl\/dlibra\/publication\/142273\/edition\/124542\/content\" target=\"_blank\" rel=\"noreferrer noopener\">Anatomical and functional assessment of patency of the upper respiratory tract in selected respiratory disorders,\u00a0Part\u00a02<\/a><\/em>\u00a0\/\u00a0Andrzej Zaj\u0105c, Andrzej Kukwa, Robert BARA\u0143SKI, Szymon Nitkiewicz, Edyta Zomkowska, Adam Rybak, 2021<\/li>\n\n\n\n<li><em><a rel=\"noreferrer noopener\" href=\"https:\/\/winntbg.bg.agh.edu.pl\/skrypty4\/0624\/\" target=\"_blank\">Estymacja si\u0142y zacisku w uk\u0142adzie r\u0119ka &#8211; narz\u0119dzie<\/a><\/em>, Robert Bara\u0144ski, 2019<\/li>\n<\/ul>\n\n\n\n<p><\/p>\n\n\n\n<p><\/p>\n","protected":false},"excerpt":{"rendered":"<p>Pe\u0142na lista z publikacjami afiliowanymi przez AGH znajduje si\u0119 w wykazie publikacji AGH. Poni\u017cej kilka wybranych publikacji:<\/p>\n","protected":false},"author":1,"featured_media":0,"parent":0,"menu_order":0,"comment_status":"closed","ping_status":"closed","template":"","meta":{"neve_meta_sidebar":"full-width","neve_meta_container":"","neve_meta_enable_content_width":"on","neve_meta_content_width":100,"neve_meta_title_alignment":"","neve_meta_author_avatar":"","neve_post_elements_order":"","neve_meta_disable_header":"","neve_meta_disable_footer":"","neve_meta_disable_title":"","_ti_tpc_template_sync":false,"_ti_tpc_template_id":"","footnotes":""},"class_list":["post-801","page","type-page","status-publish","hentry"],"_links":{"self":[{"href":"https:\/\/home.agh.edu.pl\/~robertb\/wp-json\/wp\/v2\/pages\/801","targetHints":{"allow":["GET"]}}],"collection":[{"href":"https:\/\/home.agh.edu.pl\/~robertb\/wp-json\/wp\/v2\/pages"}],"about":[{"href":"https:\/\/home.agh.edu.pl\/~robertb\/wp-json\/wp\/v2\/types\/page"}],"author":[{"embeddable":true,"href":"https:\/\/home.agh.edu.pl\/~robertb\/wp-json\/wp\/v2\/users\/1"}],"replies":[{"embeddable":true,"href":"https:\/\/home.agh.edu.pl\/~robertb\/wp-json\/wp\/v2\/comments?post=801"}],"version-history":[{"count":7,"href":"https:\/\/home.agh.edu.pl\/~robertb\/wp-json\/wp\/v2\/pages\/801\/revisions"}],"predecessor-version":[{"id":808,"href":"https:\/\/home.agh.edu.pl\/~robertb\/wp-json\/wp\/v2\/pages\/801\/revisions\/808"}],"wp:attachment":[{"href":"https:\/\/home.agh.edu.pl\/~robertb\/wp-json\/wp\/v2\/media?parent=801"}],"curies":[{"name":"wp","href":"https:\/\/api.w.org\/{rel}","templated":true}]}}

Bibliografia/artykuły

<p>Pełna lista z publikacjami afiliowanymi przez AGH znajduje się w <a href="https://bpp.agh.edu.pl/autor/?idA=04846&amp;fodR=0&amp;fdoR=0&amp;fagTP=0&amp;fagIF=0&amp;fagPM=0&amp;afi=1&amp;vt=c#vtype" target="_blank" rel="noopener">wykazie publikacji AGH</a>.</p>
<p>Poniżej kilka wybranych publikacji:</p>


<ul class="wp-block-list">
<li><em><a rel="noreferrer noopener" href="https://rehmed.pl/api/files/download/1906725.pdf" data-type="URL" data-id="https://rehmed.pl/api/files/download/1906725.pdf" target="_blank">Simultaneous measurement of maximum respiratory pressures and respiratory muscle electromyography in a stroke patient – changes after implemented physiotherapy – preliminary case report</a></em>, Agnieszka Śliwka, Wioleta Rosa, Natalia Madej, Robert Barański, Rafał Piliński, Dominika Kurda, Mateusz Stec, Roman Nowobilski, 2022</li>



<li><em><a href="https://www.mdpi.com/1424-8220/22/10/3811/pdf?version=1652797326" data-type="URL" data-id="https://www.mdpi.com/1424-8220/22/10/3811/pdf?version=1652797326" target="_blank" rel="noreferrer noopener">sEMG and vibration system monitoring for differential diagnosis in temporomandibular joint disorders</a></em>, Małgorzata Kulesa-Mrowiecka, Robert BARAŃSKI, Maciej KŁACZYŃSKI, 2022</li>



<li><em><a href="https://journals.pan.pl/dlibra/publication/142273/edition/124542/content" data-type="URL" data-id="https://journals.pan.pl/dlibra/publication/142273/edition/124542/content" target="_blank" rel="noreferrer noopener">Anatomical and functional assessment of patency of the upper respiratory tract in selected respiratory disorders, Part 2</a></em> / Andrzej Zając, Andrzej Kukwa, Robert BARAŃSKI, Szymon Nitkiewicz, Edyta Zomkowska, Adam Rybak, 2021</li>



<li><em><a rel="noreferrer noopener" href="https://winntbg.bg.agh.edu.pl/skrypty4/0624/" target="_blank">Estymacja siły zacisku w układzie ręka &#8211; narzędzie</a></em>, Robert Barański, 2019</li>
</ul>



<p></p>



<p></p>

<p>Pełna lista z publikacjami afiliowanymi przez AGH znajduje się w wykazie publikacji AGH. Poniżej kilka wybranych publikacji:</p>
