{"id":52,"date":"2016-12-27T18:34:31","date_gmt":"2016-12-27T17:34:31","guid":{"rendered":"http:\/\/home.agh.edu.pl\/~rzeszut\/?page_id=52"},"modified":"2017-01-01T20:22:37","modified_gmt":"2017-01-01T19:22:37","slug":"konferencje","status":"publish","type":"page","link":"https:\/\/home.agh.edu.pl\/~rzeszut\/konferencje\/","title":{"rendered":"Konferencje"},"content":{"rendered":"<ol>\n<li>XI Konferencja Naukowa \u201eDla Miasta i \u015arodowiska &#8211; Problemy unieszkodliwiania odpad\u00f3w\u201d, Warszawa 25 listopada 2013. Referat pt.<em> \u201eZak\u0142ad Termicznego Przekszta\u0142cania Odpad\u00f3w Komunalnych w\u00a0Krakowie \u2013 za\u0142o\u017cenia projektowe i stan realizacji budowy\u201d.<\/em><br \/>\n<hr \/>\n<\/li>\n<li>Og\u00f3lnopolska Konferencja \u201eDarmowe dane i open source w badaniach \u015brodowiska\u201d, Krak\u00f3w 7\u20119\u00a0Listopada 2013. Referat pt. \u201e<em>Przygotowanie danych przestrzennych na potrzeby modelowania rozprzestrzeniania si\u0119 zanieczyszcze\u0144 w powietrzu z\u00a0wykorzystaniem modelu CALMET\/CALPUFF\u201d.<\/em><br \/>\n<hr \/>\n<\/li>\n<li>IV Mi\u0119dzynarodowa Konferencja Naukowo-Techniczna nt. &#8222;Nowoczesne miasta. Infrastruktura i\u00a0\u015brodowisko&#8221; INFRAEKO 2014, Krak\u00f3w 29-30 maj 2014. Referat pt. \u201e<em>Przyk\u0142adowa ocena wp\u0142ywu termomodernizacji budynk\u00f3w jednorodzinnych na zmian\u0119 ich oddzia\u0142ywania na jako\u015b\u0107 powietrza atmosferycznego<\/em>\u201d.<br \/>\n<hr \/>\n<\/li>\n<li>XII Konferencja Naukowa \u201eOchrona Powietrza Atmosferycznego\u201d POL-EMIS 2014, Karpacz 4-7 czerwca 2014. Referat pt. \u201e <em>Ocena wp\u0142ywu nowo budowanej spalarni odpad\u00f3w komunalnych w Krakowie na\u00a0jako\u015b\u0107 powietrza z wykorzystaniem modelu CALMET\/CALPUFF<\/em>\u201d.<br \/>\n<hr \/>\n<\/li>\n<li>IX Mi\u0119dzynarodowa Konferencja Naukowa \u201eOchrona Powietrza w Teorii i Praktyce\u201d, Zakopane 14-17 pa\u017adziernika 2014. Referat pt.: \u201e<em>Ocena wp\u0142ywu rozdzielczo\u015bci siatki obliczeniowej na wyniki modelowania rozprzestrzeniania si\u0119 zanieczyszcze\u0144 w\u00a0powietrzu<\/em>\u201d.<br \/>\n<hr \/>\n<\/li>\n<li>International IX Krakow Conference of young scientists, Krakow 2-4 pa\u017adziernika 2014. Referat pt.: \u201c<em>Impact assessment of road transport on air in the selected area of Krakow\u201d<\/em><br \/>\n<hr \/>\n<\/li>\n<li>Konferencja m\u0142odych naukowc\u00f3w: Wp\u0142yw m\u0142odych naukowc\u00f3w na osi\u0105gni\u0119cia polskiej nauki VII edycja, Krak\u00f3w 6 grudnia 2014. Referat pt. \u201e<em>Zastosowanie systemu informacji przestrzennej w\u00a0modelowaniu dyspersji zanieczyszcze\u0144 w powietrzu atmosferycznym<\/em>\u201d,<br \/>\n<hr \/>\n<\/li>\n<li>Konferencja naukowa \u201eNauka i biznes, czyli dwa przenikaj\u0105ce si\u0119 \u015bwiaty\u201d, Katowice, 7\u00a0luty 2015. Referat pt. \u201e<em>Obliczenia rozprzestrzeniania si\u0119 py\u0142u drobnego w powietrzu atmosferycznym z wykorzystaniem dyfuzyjnych modeli Gaussa<\/em>\u201d.<br \/>\n<hr \/>\n<\/li>\n<li>Krakowskie Sympozjum Naukowo Techniczne KraSyNT 2015, Wieliczka 28 wrze\u015bnia 2015. Referat pt.: \u201e<em>Wp\u0142yw du\u017cych instalacji energetycznego spalania paliw na jako\u015b\u0107 powietrza w Krakowie<\/em>\u201d<br \/>\n<hr \/>\n<\/li>\n<li>International X Krakow conference of young scientists, Krak\u00f3w 24-26 wrze\u015bnia 2015. Referat pt.: \u201e<em>Model of averaging traffic flow variability profiles based on the example of selected streets in krakow\u201d<\/em><br \/>\n<hr \/>\n<\/li>\n<li>The 24th annual Central European Conference ECOpole\u201915 was held in 14-17 X 2015 in Hotel Ziemowit in Jarnoltowek, PL. Poster pt.: <em>\u201eChemical transformation modules for secondary inorganic aerosol formation in the CALPUFF model and their importance in the air quality impact assessment\u201d<\/em><br \/>\n<hr \/>\n<\/li>\n<li>International Conference on the Sustainable Energy and Environment Development, May 17th-19th, 2016, AGH UST in Krakow, Poland. Poster pt.: <em>\u201e<\/em><em>Impact of a coal-fired CHP plant without flue gas desulfurization (FGD) system on<\/em> <em>secondary inorganic aerosol formation in air<\/em><em>\u201d<\/em><br \/>\n<hr \/>\n<\/li>\n<li>V Mi\u0119dzynarodowa Konferencja Naukowo-Techniczna nt. &#8222;Nowoczesne miasta. Infrastruktura i \u015brodowisko&#8221; INFRAEKO 2015, Krak\u00f3w 9-30 czerwca 2016. Referat pt. \u201e<em>Modelowanie dyspersji zanieczyszcze\u0144 powietrza w kanionie ulicznym\u201d<\/em>.<br \/>\n<hr \/>\n<\/li>\n<li>XIII Konferencja Naukowa POL-EMIS, Powietrze Atmosferyczne Jako\u015b\u0107 \u2013Zagro\u017cenia-Ochrona, 1-4 czerwca 2016 r., Szklarska Por\u0119ba. \u201e<em>Zastosowanie systemu modelowania AERMOD w obliczeniach dyspersji zanieczyszcze\u0144 powietrza w warunkach polskich<\/em>\u201d<br \/>\n<hr \/>\n<\/li>\n<li>Konferncja naukowa TranSopot 2016 &#8211; Wyzwania rozwoju transportu w XXI wieku, Sopot, 23-25 maja 2016 r. \u201e<em>Ocena jako\u015bci powietrza w pobli\u017cu tras komunikacyjnych dla wybranych aglomeracji miejskich Polski<\/em>\u201d<br \/>\n<hr \/>\n<\/li>\n<li>V Og\u00f3lnopolski Kongres In\u017cynierii \u015arodowiska, Lublin, 29.05-1.06.2016 r. <em>\u201eOcena modelu dyspersji zanieczyszcze\u0144 powietrza OSPM: studium przypadku, Polska, Krak\u00f3w\u201d<\/em><br \/>\n<hr \/>\n<\/li>\n<\/ol>\n","protected":false},"excerpt":{"rendered":"<p>XI Konferencja Naukowa \u201eDla Miasta i \u015arodowiska &#8211; Problemy unieszkodliwiania odpad\u00f3w\u201d, Warszawa 25 listopada 2013. Referat pt. \u201eZak\u0142ad Termicznego Przekszta\u0142cania Odpad\u00f3w Komunalnych w\u00a0Krakowie \u2013 za\u0142o\u017cenia projektowe i stan realizacji budowy\u201d. Og\u00f3lnopolska Konferencja \u201eDarmowe dane i open source w badaniach \u015brodowiska\u201d, Krak\u00f3w 7\u20119\u00a0Listopada 2013. Referat pt. \u201ePrzygotowanie danych przestrzennych na potrzeby modelowania rozprzestrzeniania si\u0119 zanieczyszcze\u0144 w &hellip; <a href=\"https:\/\/home.agh.edu.pl\/~rzeszut\/konferencje\/\" class=\"more-link\">Czytaj dalej <span class=\"screen-reader-text\">Konferencje<\/span> <span class=\"meta-nav\">&rarr;<\/span><\/a><\/p>\n","protected":false},"author":1,"featured_media":0,"parent":0,"menu_order":4,"comment_status":"closed","ping_status":"closed","template":"","meta":{"footnotes":""},"class_list":["post-52","page","type-page","status-publish","hentry"],"_links":{"self":[{"href":"https:\/\/home.agh.edu.pl\/~rzeszut\/wp-json\/wp\/v2\/pages\/52","targetHints":{"allow":["GET"]}}],"collection":[{"href":"https:\/\/home.agh.edu.pl\/~rzeszut\/wp-json\/wp\/v2\/pages"}],"about":[{"href":"https:\/\/home.agh.edu.pl\/~rzeszut\/wp-json\/wp\/v2\/types\/page"}],"author":[{"embeddable":true,"href":"https:\/\/home.agh.edu.pl\/~rzeszut\/wp-json\/wp\/v2\/users\/1"}],"replies":[{"embeddable":true,"href":"https:\/\/home.agh.edu.pl\/~rzeszut\/wp-json\/wp\/v2\/comments?post=52"}],"version-history":[{"count":6,"href":"https:\/\/home.agh.edu.pl\/~rzeszut\/wp-json\/wp\/v2\/pages\/52\/revisions"}],"predecessor-version":[{"id":71,"href":"https:\/\/home.agh.edu.pl\/~rzeszut\/wp-json\/wp\/v2\/pages\/52\/revisions\/71"}],"wp:attachment":[{"href":"https:\/\/home.agh.edu.pl\/~rzeszut\/wp-json\/wp\/v2\/media?parent=52"}],"curies":[{"name":"wp","href":"https:\/\/api.w.org\/{rel}","templated":true}]}}