{"id":56,"date":"2016-12-27T18:38:22","date_gmt":"2016-12-27T17:38:22","guid":{"rendered":"http:\/\/home.agh.edu.pl\/~rzeszut\/?page_id=56"},"modified":"2017-01-01T20:22:25","modified_gmt":"2017-01-01T19:22:25","slug":"publikacje","status":"publish","type":"page","link":"https:\/\/home.agh.edu.pl\/~rzeszut\/publikacje\/","title":{"rendered":"Publikacje"},"content":{"rendered":"<h1>Artyku\u0142y &#8211; Lista A (filadelfijska)<\/h1>\n<table cellspacing=\"0\">\n<tbody>\n<tr>\n<th>Tytu\u0142<\/th>\n<td><a href=\"http:\/\/ros.edu.pl\/images\/roczniki\/2016\/No2\/26_ROS_N2_V18_R2016.pdf\"><em>Ocena modelu dyspersji zanieczyszcze\u0144 powietrza OSPM: studium przypadku, Polska, Krak\u00f3w<\/em><\/a><\/td>\n<\/tr>\n<tr>\n<th>Autorzy<\/th>\n<td>Mateusz RZESZUTEK, Marek BOGACKI<\/td>\n<\/tr>\n<tr>\n<th>\u0179r\u00f3d\u0142o<\/th>\n<td><em>Rocznik Ochrona \u015arodowiska<\/em><span class=\"sep\">. \u2014 <\/span>2016 t.\u00a018<span class=\"sep\">, <\/span>s.\u00a0351\u2013362<\/td>\n<\/tr>\n<\/tbody>\n<\/table>\n<hr \/>\n<h1>Artyku\u0142y &#8211; Lista B (MNiSW)<\/h1>\n<table cellspacing=\"0\">\n<colgroup>\n<col width=\"60px\" align=\"left\" valign=\"top\" \/>\n<col width=\"*\" align=\"left\" valign=\"top\" \/><\/colgroup>\n<tbody>\n<tr>\n<th>Tytu\u0142<\/th>\n<td><a href=\"http:\/\/tchie.uni.opole.pl\/PECO16_1\/PECO_2016_1_p1.pdf\"><em>Assessment of chemical transformation modules for secondary inorganic aerosol formation in CALPUFF model<\/em><\/a><\/td>\n<\/tr>\n<tr>\n<th>Autorzy<\/th>\n<td>Robert OLENIACZ, Mateusz RZESZUTEK, Marek BOGACKI<\/td>\n<\/tr>\n<tr>\n<th>\u0179r\u00f3d\u0142o<\/th>\n<td><em>Proceedings of ECOpole<\/em><span class=\"sep\"> \/ <\/span>Society of Ecological Chemistry and Engineering<span class=\"sep\">. \u2014 <\/span>2016 vol.\u00a010 iss.\u00a01<span class=\"sep\">, <\/span>s.\u00a057\u201366<\/td>\n<\/tr>\n<\/tbody>\n<\/table>\n<table cellspacing=\"0\">\n<colgroup>\n<col width=\"60px\" align=\"left\" valign=\"top\" \/>\n<col width=\"*\" align=\"left\" valign=\"top\" \/><\/colgroup>\n<tbody>\n<tr>\n<th>Tytu\u0142<\/th>\n<td><a href=\"http:\/\/doi.prz.edu.pl\/pl\/pdf\/biis\/605\"><em>Assessing the impact of wind speed and mixing-layer height on air quality in Krakow (Poland) in the years 2014\u20132015<\/em><\/a><\/td>\n<\/tr>\n<tr>\n<th>Autorzy<\/th>\n<td>Robert OLENIACZ, Marek BOGACKI, Adriana SZULECKA, Mateusz RZESZUTEK, Marian MAZUR<\/td>\n<\/tr>\n<tr>\n<th>\u0179r\u00f3d\u0142o<\/th>\n<td><em>Czasopismo In\u017cynierii L\u0105dowej, \u015arodowiska i\u00a0Architektury<\/em><span class=\"sep\">. \u2014 <\/span>2016 t.\u00a033 z.\u00a063<span class=\"sep\">, <\/span>s.\u00a0315\u2013341<\/td>\n<\/tr>\n<\/tbody>\n<\/table>\n<table cellspacing=\"0\">\n<colgroup>\n<col width=\"60px\" align=\"left\" valign=\"top\" \/>\n<col width=\"*\" align=\"left\" valign=\"top\" \/><\/colgroup>\n<tbody>\n<tr>\n<th>Tytu\u0142<\/th>\n<td><a href=\"http:\/\/doi.prz.edu.pl\/pl\/pdf\/biis\/585\"><em>Modelowanie dyspersji zanieczyszcze\u0144 powietrza w\u00a0kanionie ulicznym na przyk\u0142adzie alei Krasi\u0144skiego w\u00a0Krakowie<\/em><\/a><\/td>\n<\/tr>\n<tr>\n<th>Autorzy<\/th>\n<td>Marek BOGACKI, Mateusz RZESZUTEK, Kamil Heba<\/td>\n<\/tr>\n<tr>\n<th>\u0179r\u00f3d\u0142o<\/th>\n<td><em>Czasopismo In\u017cynierii L\u0105dowej, \u015arodowiska i\u00a0Architektury<\/em><span class=\"sep\">. \u2014 <\/span>2016 t.\u00a033 z.\u00a063<span class=\"sep\">, <\/span>s.\u00a021\u201338<\/td>\n<\/tr>\n<\/tbody>\n<\/table>\n<table cellspacing=\"0\">\n<colgroup>\n<col width=\"60px\" align=\"left\" valign=\"top\" \/>\n<col width=\"*\" align=\"left\" valign=\"top\" \/><\/colgroup>\n<tbody>\n<tr>\n<th>Tytu\u0142<\/th>\n<td><a href=\"https:\/\/is.pcz.pl\/static\/pdf\/2015\/zeszyt1\/2015_nr1_1-Rzeszutek_Oleniacz_v2.pdf\"><em>Zastosowanie systemu modeli CALMET\/CALPUFF o wysokiej rozdzielczo\u015bci do oceny wp\u0142ywu na jako\u015b\u0107 powietrza spalarni odpad\u00f3w komunalnych w\u00a0Krakowie<\/em><\/a><\/td>\n<\/tr>\n<tr>\n<th>Autorzy<\/th>\n<td>Mateusz RZESZUTEK, Robert OLENIACZ<\/td>\n<\/tr>\n<tr>\n<th>\u0179r\u00f3d\u0142o<\/th>\n<td><em>In\u017cynieria i Ochrona \u015arodowiska<\/em><span class=\"sep\">. \u2014 <\/span>2015 t.\u00a018 nr\u00a01<span class=\"sep\">, <\/span>s.\u00a05\u201322<\/td>\n<\/tr>\n<\/tbody>\n<\/table>\n<table cellspacing=\"0\">\n<tbody>\n<tr>\n<th>Tytu\u0142<\/th>\n<td><a href=\"https:\/\/www.researchgate.net\/publication\/282118895_Model_of_averaging_traffic_flow_variability_profiles_based_on_the_examples_of_selected_streets_in_Krakow\"><em>Model of averaging traffic flow variability profiles based on the examples of selected streets in Krakow<\/em><\/a><\/td>\n<\/tr>\n<tr>\n<th>Autorzy<\/th>\n<td>Marek BOGACKI, Agata KOT, Mateusz RZESZUTEK<\/td>\n<\/tr>\n<tr>\n<th>\u0179r\u00f3d\u0142o<\/th>\n<td><em>Logistyka<\/em><span class=\"sep\">. \u2014 <\/span>2015 nr\u00a04<span class=\"sep\"> dod.: <\/span>CD nr\u00a03 Logistyka-nauka : artyku\u0142y recenzowane<span class=\"sep\">, <\/span>s.\u00a08694\u20138702<\/td>\n<\/tr>\n<\/tbody>\n<\/table>\n<table cellspacing=\"0\">\n<colgroup>\n<col width=\"60px\" align=\"left\" valign=\"top\" \/>\n<col width=\"*\" align=\"left\" valign=\"top\" \/><\/colgroup>\n<tbody>\n<tr>\n<th>Tytu\u0142<\/th>\n<td><a href=\"https:\/\/www.researchgate.net\/publication\/270569739_Assessment_of_the_impact_of_spatial_data_on_the_results_of_air_pollution_dispersion_modeling\"><em>Assessment of the impact of spatial data on the results of air pollution dispersion modeling<\/em><\/a><\/td>\n<\/tr>\n<tr>\n<th>Autorzy<\/th>\n<td>Robert OLENIACZ, Mateusz RZESZUTEK<\/td>\n<\/tr>\n<tr>\n<th>\u0179r\u00f3d\u0142o<\/th>\n<td><em>Geoinformatica Polonica<\/em><span class=\"sep\">. \u2014 <\/span>2014 [nr]\u00a013<span class=\"sep\">, <\/span>s.\u00a057\u201368<\/td>\n<\/tr>\n<\/tbody>\n<\/table>\n<table cellspacing=\"0\">\n<colgroup>\n<col width=\"60px\" align=\"left\" valign=\"top\" \/>\n<col width=\"*\" align=\"left\" valign=\"top\" \/><\/colgroup>\n<tbody>\n<tr>\n<th>Tytu\u0142<\/th>\n<td><a href=\"http:\/\/journals.bg.agh.edu.pl\/GEOMATICS\/2014.8.2\/geom.2014.8.2.57.pdf\"><em>Determination of optimal spatial databases for the area of Poland to the calculation of air pollutant dispersion using the CALMET\/CALPUFF model<\/em><\/a><\/td>\n<\/tr>\n<tr>\n<th>Autorzy<\/th>\n<td>Robert OLENIACZ, Mateusz RZESZUTEK<\/td>\n<\/tr>\n<tr>\n<th>\u0179r\u00f3d\u0142o<\/th>\n<td><em>Geomatics and Environmental Engineering<\/em><span class=\"sep\">. \u2014 <\/span>2014 vol.\u00a08 no.\u00a02<span class=\"sep\">, <\/span>s.\u00a057\u201369<\/td>\n<\/tr>\n<\/tbody>\n<\/table>\n<table cellspacing=\"0\">\n<tbody>\n<tr>\n<th>Tytu\u0142<\/th>\n<td><a href=\"http:\/\/doi.prz.edu.pl\/pl\/pdf\/biis\/134\"><em>Ocena efekt\u00f3w termomodernizacji budynk\u00f3w jednorodzinnych<\/em><span class=\"sep\">. <\/span>[Cz.]\u00a01<span class=\"sep\">, <\/span><em>Zmniejszenie zu\u017cycia ciep\u0142a i\u00a0emisji zanieczyszcze\u0144 do powietrza<\/em><\/a><\/td>\n<\/tr>\n<tr>\n<th>Autorzy<\/th>\n<td>Robert OLENIACZ, Magdalena KASIETCZUK, Mateusz RZESZUTEK<\/td>\n<\/tr>\n<tr>\n<th>\u0179r\u00f3d\u0142o<\/th>\n<td><em>Czasopismo In\u017cynierii L\u0105dowej, \u015arodowiska i\u00a0Architektury<\/em><span class=\"sep\">. \u2014 <\/span>2014 t.\u00a031 z.\u00a061 nr\u00a03<span class=\"sep\">, <\/span>s.\u00a0183\u2013196<\/td>\n<\/tr>\n<\/tbody>\n<\/table>\n<table cellspacing=\"0\">\n<tbody>\n<tr>\n<th>Tytu\u0142<\/th>\n<td><a href=\"http:\/\/doi.prz.edu.pl\/pl\/pdf\/biis\/135\"><em>Ocena efekt\u00f3w termomodernizacji budynk\u00f3w jednorodzinnych<\/em><span class=\"sep\">. <\/span>[Cz.]\u00a02<span class=\"sep\">, <\/span><em>Ograniczenie wp\u0142ywu na jako\u015b\u0107 powietrza atmosferycznego<\/em><\/a><\/td>\n<\/tr>\n<tr>\n<th>Autorzy<\/th>\n<td>Robert OLENIACZ, Magdalena KASIETCZUK, Mateusz RZESZUTEK<\/td>\n<\/tr>\n<tr>\n<th>\u0179r\u00f3d\u0142o<\/th>\n<td><em>Czasopismo In\u017cynierii L\u0105dowej, \u015arodowiska i\u00a0Architektury<\/em><span class=\"sep\">. \u2014 <\/span>2014 t.\u00a031 z.\u00a061 nr\u00a03<span class=\"sep\">, <\/span>s.\u00a0197\u2013215<\/td>\n<\/tr>\n<\/tbody>\n<\/table>\n<table cellspacing=\"0\">\n<colgroup>\n<col width=\"60px\" align=\"left\" valign=\"top\" \/>\n<col width=\"*\" align=\"left\" valign=\"top\" \/><\/colgroup>\n<tbody>\n<tr>\n<th>Tytu\u0142<\/th>\n<td><a href=\"http:\/\/citeseerx.ist.psu.edu\/viewdoc\/download?doi=10.1.1.929.536&amp;rep=rep1&amp;type=pdf\"><em>Impact assessment of road transport on air quality in the selected area of Krakow<\/em><\/a><\/td>\n<\/tr>\n<tr>\n<th>Autorzy<\/th>\n<td>Mateusz RZESZUTEK, Magdalena KASIETCZUK, Marek BOGACKI<\/td>\n<\/tr>\n<tr>\n<th>\u0179r\u00f3d\u0142o<\/th>\n<td><em>Logistyka<\/em><span class=\"sep\">. \u2014 <\/span>2014 nr\u00a04<span class=\"sep\"> dod.: <\/span>CD nr\u00a06 Logistyka \u2013 nauka : artyku\u0142y recenzowane<span class=\"sep\">, <\/span>s.\u00a04864\u20134873<\/td>\n<\/tr>\n<\/tbody>\n<\/table>\n<table cellspacing=\"0\">\n<colgroup>\n<col width=\"60px\" align=\"left\" valign=\"top\" \/>\n<col width=\"*\" align=\"left\" valign=\"top\" \/><\/colgroup>\n<tbody>\n<tr>\n<th>Tytu\u0142<\/th>\n<td><a href=\"https:\/\/www.researchgate.net\/publication\/270591859_Wykorzystanie_atmosferycznego_modelu_dyspersji_CALPUFF_do_oceny_oddzialywania_na_jakosc_powietrza_planowanego_Zakladu_Termicznego_Przeksztalcania_Odpadow_Komunalnych_w_Krakowie\"><em>Wykorzystanie atmosferycznego modelu dyspersji CALPUFF do oceny oddzia\u0142ywania na jako\u015b\u0107 powietrza planowanego zak\u0142adu termicznego przekszta\u0142cania odpad\u00f3w komunalnych w\u00a0Krakowie<\/em><\/a><\/td>\n<\/tr>\n<tr>\n<th>Autorzy<\/th>\n<td>Mateusz RZESZUTEK, Robert OLENIACZ<\/td>\n<\/tr>\n<tr>\n<th>\u0179r\u00f3d\u0142o<\/th>\n<td><em>Zeszyty Studenckiego Towarzystwa Naukowego<\/em><span class=\"sep\">. \u2014 <\/span>2014 nr\u00a029<span class=\"sep\">, <\/span>s.\u00a041\u201347<\/td>\n<\/tr>\n<\/tbody>\n<\/table>\n<table cellspacing=\"0\">\n<tbody>\n<tr>\n<th>Tytu\u0142<\/th>\n<td><a href=\"http:\/\/praceskng.up.krakow.pl\/article\/viewFile\/1388\/1196\"><em>Przygotowanie danych przestrzennych na potrzeby modelowania rozprzestrzeniania si\u0119 zanieczyszcze\u0144 w\u00a0powietrzu z\u00a0wykorzystaniem modelu CALMET\/CALPUFF<\/em><\/a><\/td>\n<\/tr>\n<tr>\n<th>Autorzy<\/th>\n<td>Mateusz RZESZUTEK<\/td>\n<\/tr>\n<tr>\n<th>\u0179r\u00f3d\u0142o<\/th>\n<td><em>Prace Studenckiego Ko\u0142a Naukowego Geograf\u00f3w Uniwersytetu Pedagogicznego w\u00a0Krakowie<\/em><span class=\"sep\">. \u2014 <\/span>2013vol.\u00a02<span class=\"sep\">, <\/span>s.\u00a0101\u2013110<\/td>\n<\/tr>\n<\/tbody>\n<\/table>\n<hr \/>\n<h1>Rozdzia\u0142 w Monografii<\/h1>\n<table cellspacing=\"0\">\n<colgroup>\n<col width=\"60px\" align=\"left\" valign=\"top\" \/>\n<col width=\"*\" align=\"left\" valign=\"top\" \/><\/colgroup>\n<tbody>\n<tr>\n<th>Tytu\u0142<\/th>\n<td><a href=\"https:\/\/www.researchgate.net\/publication\/303803462_Zastosowanie_systemu_modelowania_AERMOD_w_obliczeniach_dyspersji_zanieczyszczen_powietrza_w_warunkach_polskich\"><em>Zastosowanie systemu modelowania AERMOD w obliczeniach dyspersji zanieczyszcze\u0144 powietrza w\u00a0warunkach polskich<\/em><\/a><\/td>\n<\/tr>\n<tr>\n<th>Autorzy<\/th>\n<td>Mateusz RZESZUTEK, Robert OLENIACZ<\/td>\n<\/tr>\n<tr>\n<th>\u0179r\u00f3d\u0142o<\/th>\n<td><em>Powietrze atmosferyczne<\/em><span class=\"sep\">\u00a0: <\/span>jako\u015b\u0107 \u2013 zagro\u017cenia \u2013 ochrona : praca zbiorowa<span class=\"sep\"> \/ <\/span>pod red.\u00a0Kazimierza Gaja, J\u00f3zefa Kuropki<span class=\"sep\">. \u2014 <\/span>Wroc\u0142aw : Oficyna Wydawnicza Politechniki Wroc\u0142awskiej<span class=\"sep\">, <\/span>2016<span class=\"sep\">. \u2014 <\/span>S.\u00a0267\u2013280<\/td>\n<\/tr>\n<\/tbody>\n<\/table>\n<table cellspacing=\"0\">\n<colgroup>\n<col width=\"60px\" align=\"left\" valign=\"top\" \/>\n<col width=\"*\" align=\"left\" valign=\"top\" \/><\/colgroup>\n<tbody>\n<tr>\n<th>Tytu\u0142<\/th>\n<td><a href=\"https:\/\/works.bepress.com\/robert_oleniacz\/134\/\"><em>Obliczenia rozprzestrzeniania si\u0119 py\u0142u drobnego w powietrzu atmosferycznym z wykorzystaniem dyfuzyjnych modeli Gaussa<\/em><\/a><\/td>\n<\/tr>\n<tr>\n<th>Autorzy<\/th>\n<td>Robert OLENIACZ, Mateusz RZESZUTEK<\/td>\n<\/tr>\n<tr>\n<th>\u0179r\u00f3d\u0142o<\/th>\n<td><em>Nauka i\u00a0wiedza kluczem do poznania \u015bwiata<\/em><span class=\"sep\">\u00a0: <\/span>monografia<span class=\"sep\"> \/ <\/span>red.\u00a0nauk. Marcin Olkiewicz, Magdalena Drewniak<span class=\"sep\">. \u2014 <\/span>S\u0142upsk : NETWORK SOLUTIONS<span class=\"sep\">, <\/span>2015<span class=\"sep\">. \u2014 <\/span>S.\u00a042\u201351<\/td>\n<\/tr>\n<\/tbody>\n<\/table>\n<table cellspacing=\"0\">\n<colgroup>\n<col width=\"60px\" align=\"left\" valign=\"top\" \/>\n<col width=\"*\" align=\"left\" valign=\"top\" \/><\/colgroup>\n<tbody>\n<tr>\n<th>Tytu\u0142<\/th>\n<td><a href=\"https:\/\/www.researchgate.net\/publication\/270903683_Meteorologiczne_determinanty_jakosci_powietrza_w_Krakowie_Meteorological_factors_affecting_air_quality_in_Krakow\"><em>Meteorologiczne determinanty jako\u015bci powietrza w Krakowie<\/em><\/a><\/td>\n<\/tr>\n<tr>\n<th>Autorzy<\/th>\n<td>Robert OLENIACZ, Marek BOGACKI, Mateusz RZESZUTEK, Agata KOT<\/td>\n<\/tr>\n<tr>\n<th>\u0179r\u00f3d\u0142o<\/th>\n<td><em>Ochrona powietrza w\u00a0teorii i\u00a0praktyce<\/em><span class=\"sep\">, <\/span>T.\u00a02<span class=\"sep\"> \/ <\/span>pod red.\u00a0Jana Konieczy\u0144skiego<span class=\"sep\">. \u2014 <\/span>Zabrze : Instytut Podstaw In\u017cynierii \u015arodowiska Polskiej Akademii Nauk<span class=\"sep\">, <\/span>2014<span class=\"sep\">. \u2014 <\/span>S.\u00a0163\u2013178<\/td>\n<\/tr>\n<\/tbody>\n<\/table>\n<table cellspacing=\"0\">\n<colgroup>\n<col width=\"60px\" align=\"left\" valign=\"top\" \/>\n<col width=\"*\" align=\"left\" valign=\"top\" \/><\/colgroup>\n<tbody>\n<tr>\n<th>Tytu\u0142<\/th>\n<td><a href=\"https:\/\/www.researchgate.net\/publication\/270616175_Ocena_wplywu_nowo_budowanej_spalarni_odpadow_komunalnych_w_Krakowie_na_jakosc_powietrza_z_wykorzystaniem_modelu_CALMETCALPUFF\"><em>Ocena wp\u0142ywu nowo budowanej spalarni odpad\u00f3w komunalnych w Krakowie na jako\u015b\u0107 powietrza z wykorzystaniem modelu Calmet\/Calpuff<\/em><\/a><\/td>\n<\/tr>\n<tr>\n<th>Autorzy<\/th>\n<td>Mateusz RZESZUTEK, Robert OLENIACZ<\/td>\n<\/tr>\n<tr>\n<th>\u0179r\u00f3d\u0142o<\/th>\n<td><em>In\u017cynieria i\u00a0ochrona powietrza<\/em><span class=\"sep\"> \/ <\/span>red. nauk.\u00a0J\u00f3zef Kuropka, Anna Musialik-Piotrowska<span class=\"sep\">. \u2014 <\/span>Wroc\u0142aw : Oficyna Wydawnicza Politechniki Wroc\u0142awskiej<span class=\"sep\">, <\/span>2014<span class=\"sep\">. \u2014 <\/span>S.\u00a0352\u2013361<\/td>\n<\/tr>\n<\/tbody>\n<\/table>\n<table cellspacing=\"0\">\n<colgroup>\n<col width=\"60px\" align=\"left\" valign=\"top\" \/>\n<col width=\"*\" align=\"left\" valign=\"top\" \/><\/colgroup>\n<tbody>\n<tr>\n<th>Tytu\u0142<\/th>\n<td><a href=\"https:\/\/www.researchgate.net\/publication\/270903858_Ocena_wplywu_rozdzielczosci_siatki_obliczeniowej_na_wyniki_modelowania_rozprzestrzeniania_sie_zanieczyszczen_w_powietrzu_Assessment_of_the_impact_of_computational_grid_on_the_results_of_modeling_pollu\" target=\"_blank\"><em>Ocena wp\u0142ywu rozdzielczo\u015bci siatki obliczeniowej na wyniki modelowania rozprzestrzeniania si\u0119 zanieczyszcze\u0144 w\u00a0powietrzu<\/em><\/a><\/td>\n<\/tr>\n<tr>\n<th>Autorzy<\/th>\n<td>Mateusz RZESZUTEK, Robert OLENIACZ, Marian MAZUR<\/td>\n<\/tr>\n<tr>\n<th>\u0179r\u00f3d\u0142o<\/th>\n<td><em>Ochrona powietrza w\u00a0teorii i\u00a0praktyce<\/em><span class=\"sep\">, <\/span>T.\u00a01<span class=\"sep\"> \/ <\/span>pod red.\u00a0Jana Konieczy\u0144skiego<span class=\"sep\">. \u2014 <\/span>Zabrze : Instytut Podstaw In\u017cynierii \u015arodowiska Polskiej Akademii Nauk<span class=\"sep\">, <\/span>2014<span class=\"sep\">. \u2014 <\/span>S.\u00a0149\u2013162<\/td>\n<\/tr>\n<\/tbody>\n<\/table>\n<hr \/>\n<h1>Monografie<\/h1>\n<table cellspacing=\"0\">\n<colgroup>\n<col width=\"60px\" align=\"left\" valign=\"top\" \/>\n<col width=\"*\" align=\"left\" valign=\"top\" \/><\/colgroup>\n<tbody>\n<tr>\n<th>Tytu\u0142<\/th>\n<td><a href=\"https:\/\/works.bepress.com\/robert_oleniacz\/135\/\"><em>Wybrane zagadnienia in\u017cynierii mechanicznej, materia\u0142owej i \u015brodowiskowej<\/em><\/a><\/td>\n<\/tr>\n<tr>\n<th>Autorzy<\/th>\n<td>red.\u00a0Stanis\u0142aw FLAGA ; aut.: Marcin APOSTO\u0141, Andrzej B\u0105kowski, Kinga CHRONOWSKA-PRZYWARA, Marcin KOT, Jan Monieta, Robert OLENIACZ, Leszek Radziszewski, Mateusz RZESZUTEK, Maciej S\u0141OBODA<\/td>\n<\/tr>\n<tr>\n<th>Details<\/th>\n<td>Krak\u00f3w : Katedra Automatyzacji Proces\u00f3w. Akademia G\u00f3rniczo-Hutnicza<span class=\"sep\">, <\/span>2015<span class=\"sep\">. \u2014 <\/span>103\u00a0s.<\/td>\n<\/tr>\n<\/tbody>\n<\/table>\n<p>&nbsp;<\/p>\n<p>&nbsp;<\/p>\n<p>&nbsp;<\/p>\n","protected":false},"excerpt":{"rendered":"<p>Artyku\u0142y &#8211; Lista A (filadelfijska) Tytu\u0142 Ocena modelu dyspersji zanieczyszcze\u0144 powietrza OSPM: studium przypadku, Polska, Krak\u00f3w Autorzy Mateusz RZESZUTEK, Marek BOGACKI \u0179r\u00f3d\u0142o Rocznik Ochrona \u015arodowiska. \u2014 2016 t.\u00a018, s.\u00a0351\u2013362 Artyku\u0142y &#8211; Lista B (MNiSW) Tytu\u0142 Assessment of chemical transformation modules for secondary inorganic aerosol formation in CALPUFF model Autorzy Robert OLENIACZ, Mateusz RZESZUTEK, Marek BOGACKI &hellip; <a href=\"https:\/\/home.agh.edu.pl\/~rzeszut\/publikacje\/\" class=\"more-link\">Czytaj dalej <span class=\"screen-reader-text\">Publikacje<\/span> <span class=\"meta-nav\">&rarr;<\/span><\/a><\/p>\n","protected":false},"author":1,"featured_media":0,"parent":0,"menu_order":3,"comment_status":"closed","ping_status":"closed","template":"","meta":{"footnotes":""},"class_list":["post-56","page","type-page","status-publish","hentry"],"_links":{"self":[{"href":"https:\/\/home.agh.edu.pl\/~rzeszut\/wp-json\/wp\/v2\/pages\/56","targetHints":{"allow":["GET"]}}],"collection":[{"href":"https:\/\/home.agh.edu.pl\/~rzeszut\/wp-json\/wp\/v2\/pages"}],"about":[{"href":"https:\/\/home.agh.edu.pl\/~rzeszut\/wp-json\/wp\/v2\/types\/page"}],"author":[{"embeddable":true,"href":"https:\/\/home.agh.edu.pl\/~rzeszut\/wp-json\/wp\/v2\/users\/1"}],"replies":[{"embeddable":true,"href":"https:\/\/home.agh.edu.pl\/~rzeszut\/wp-json\/wp\/v2\/comments?post=56"}],"version-history":[{"count":5,"href":"https:\/\/home.agh.edu.pl\/~rzeszut\/wp-json\/wp\/v2\/pages\/56\/revisions"}],"predecessor-version":[{"id":80,"href":"https:\/\/home.agh.edu.pl\/~rzeszut\/wp-json\/wp\/v2\/pages\/56\/revisions\/80"}],"wp:attachment":[{"href":"https:\/\/home.agh.edu.pl\/~rzeszut\/wp-json\/wp\/v2\/media?parent=56"}],"curies":[{"name":"wp","href":"https:\/\/api.w.org\/{rel}","templated":true}]}}