{"id":11,"date":"2014-01-12T17:22:33","date_gmt":"2014-01-12T16:22:33","guid":{"rendered":"http:\/\/home.agh.edu.pl\/~waldek\/?page_id=11"},"modified":"2026-02-26T22:50:49","modified_gmt":"2026-02-26T21:50:49","slug":"dydaktyka","status":"publish","type":"page","link":"https:\/\/home.agh.edu.pl\/~waldek\/dydaktyka\/","title":{"rendered":"Dydaktyka"},"content":{"rendered":"<h3>Konsultacje w semestrze letnim 2025\/26<\/h3>\n<ul>\n<li><strong>Osobi\u015bcie:<br \/><\/strong>do 19 kwietnia, w poniedzia\u0142ki od 9:45 do 11:15,<br \/>od 20 kwietnia do 1 lipca, w \u015brody od 10:30 do 12:00.<\/li>\n<li><strong>Zdalnie:<br \/><\/strong>po e-mailowym uzgodnieniu (linki do MS Teams prze\u015bl\u0119 e-mailem lub wprost z Teams).<\/li>\n<li>Przyjmuj\u0119 <strong>w pokoju 216<\/strong>, w budynku D14, ul. Gramatyka 10.<\/li>\n<\/ul>\n<div align=\"center\"><hr align=\"center\" size=\"2\" width=\"100%\" \/><\/div>\n<h3>Wyk\u0142ady<\/h3>\n<p><em>ZIP = Zarz\u0105dzanie i In\u017cynieria Produkcji<br \/><\/em><\/p>\n<ol>\n<li><em>Badania operacyjne<\/em>, studia in\u017cynierskie ZIP, 4 semestr.<\/li>\n<li><em>Sterowanie dyskretnymi procesami produkcyjnymi<\/em>, studia in\u017cynierskie ZIP, 6 semestr.<\/li>\n<li><em>Zaawansowane planowanie<\/em>, studia magisterskie ZIP, 2 semestr.<\/li>\n<li><em>Operations Research<\/em>, przedmiot obieralny UBPO.<\/li>\n<li><em>Advanced planning in operational management<\/em>, przedmiot obieralny UBPO i studia magisterskie <em>International Management<\/em>.<\/li>\n<li><em>In\u017cynieria zarz\u0105dzania <\/em>(<em>Management engineering<\/em>)<em>,<\/em> <em>kierunek In\u017cynieria Mechatroniczna (po polsku i angielsku),<\/em> WIMiR.<\/li>\n<\/ol>\n<p>Wszystkie informacje dla student\u00f3w i materia\u0142y wyk\u0142adowe dost\u0119pne s\u0105 poprzez <a href=\"http:\/\/upel.agh.edu.pl\/\" target=\"_blank\" rel=\"noopener\">platform\u0119 e-learningow\u0105 AGH<\/a>. Przed zalogowaniem prosz\u0119 mailowo zapyta\u0107 o has\u0142o.<\/p>\n<p>Pakiet GLPK wraz z edytorem SciTE mo\u017cna <a title=\"GLPK\" href=\"http:\/\/home.agh.edu.pl\/~waldek\/?page_id=21\">\u015bci\u0105gn\u0105\u0107 tutaj<\/a>.<\/p>\n<div align=\"center\"><hr align=\"center\" size=\"2\" width=\"100%\" \/><\/div>\n<h3>Prace dyplomowe<\/h3>\n<p>Tematy prac dyplomowych mog\u0105 obejmowa\u0107 zasadniczo dwie dziedziny:<\/p>\n<ul>\n<li>badania operacyjne i ich wykorzystanie w zarz\u0105dzaniu, a tak\u017ce<\/li>\n<li>planowanie produkcji i logistyki.<\/li>\n<\/ul>\n<p>Je\u017celi kto\u015b ma sw\u00f3j w\u0142asny temat z tych dziedzin, kt\u00f3rym chcia\u0142by si\u0119 zaj\u0105\u0107 w swojej pracy dyplomowej, to po uzgodnieniu te\u017c b\u0119dzie to mo\u017cliwe. Je\u017celi kto\u015b ma kontakt, pracuje lub ma praktyk\u0119 w pewnej firmie, i mo\u017ce obserwowa\u0107 jaki\u015b proces produkcyjny lub logistyczny, to prawie na pewno uda si\u0119 znale\u017a\u0107 temat pracy, kt\u00f3r\u0105 na tej podstawie mo\u017cna by napisa\u0107.<\/p>\n<p>Kto nie ma swojego mo\u017ce wybra\u0107 z listy: <a href=\"http:\/\/home.agh.edu.pl\/~waldek\/wp-content\/uploads\/tematy_PD_2018.pdf\">tematy_PD.pdf<\/a>.<\/p>\n<p>Informacje o tym jak pisa\u0107 prace dyplomowe mo\u017cna znale\u017a\u0107 na <a href=\"https:\/\/upel.agh.edu.pl\/\" target=\"_blank\" rel=\"noopener\">platformie e-learningowej WZ AGH<\/a> na kursie <a href=\"https:\/\/upel.agh.edu.pl\/course\/view.php?id=3693\" target=\"_blank\" rel=\"noopener\">Prace dyplomowe \u2014 dr hab. in\u017c. Waldemar Kaczmarczyk<\/a>. Przed zalogowaniem prosz\u0119 mailowo zapyta\u0107 o has\u0142o.<\/p>\n<hr \/>\n<h3>MiAPD programowanie dynamiczne<\/h3>\n<ul>\n<li><a href=\"http:\/\/home.agh.edu.pl\/~waldek\/wp-content\/uploads\/MiAPD_prg_dyn.pdf\">Wyk\u0142ad<\/a><\/li>\n<li><a href=\"http:\/\/home.agh.edu.pl\/~waldek\/wp-content\/uploads\/MiAPD_prg_dyn_2019.xlsx\">Rozwi\u0105zania<\/a><\/li>\n<\/ul>\n\n\n<p><\/p>\n","protected":false},"excerpt":{"rendered":"<p>Konsultacje w semestrze letnim 2025\/26 Osobi\u015bcie:do 19 kwietnia, w poniedzia\u0142ki od 9:45 do 11:15,od 20 kwietnia do 1 lipca, w \u015brody od 10:30 do 12:00. Zdalnie:po e-mailowym uzgodnieniu (linki do MS Teams prze\u015bl\u0119 e-mailem lub wprost z Teams). Przyjmuj\u0119 w pokoju 216, w budynku D14, ul. Gramatyka 10. Wyk\u0142ady ZIP = Zarz\u0105dzanie i In\u017cynieria Produkcji&hellip;<\/p>\n","protected":false},"author":1,"featured_media":0,"parent":0,"menu_order":0,"comment_status":"closed","ping_status":"closed","template":"","meta":[],"_links":{"self":[{"href":"https:\/\/home.agh.edu.pl\/~waldek\/wp-json\/wp\/v2\/pages\/11"}],"collection":[{"href":"https:\/\/home.agh.edu.pl\/~waldek\/wp-json\/wp\/v2\/pages"}],"about":[{"href":"https:\/\/home.agh.edu.pl\/~waldek\/wp-json\/wp\/v2\/types\/page"}],"author":[{"embeddable":true,"href":"https:\/\/home.agh.edu.pl\/~waldek\/wp-json\/wp\/v2\/users\/1"}],"replies":[{"embeddable":true,"href":"https:\/\/home.agh.edu.pl\/~waldek\/wp-json\/wp\/v2\/comments?post=11"}],"version-history":[{"count":154,"href":"https:\/\/home.agh.edu.pl\/~waldek\/wp-json\/wp\/v2\/pages\/11\/revisions"}],"predecessor-version":[{"id":721,"href":"https:\/\/home.agh.edu.pl\/~waldek\/wp-json\/wp\/v2\/pages\/11\/revisions\/721"}],"wp:attachment":[{"href":"https:\/\/home.agh.edu.pl\/~waldek\/wp-json\/wp\/v2\/media?parent=11"}],"curies":[{"name":"wp","href":"https:\/\/api.w.org\/{rel}","templated":true}]}}