{"id":9,"date":"2014-01-12T17:20:50","date_gmt":"2014-01-12T16:20:50","guid":{"rendered":"http:\/\/home.agh.edu.pl\/~waldek\/?page_id=9"},"modified":"2021-01-04T23:19:41","modified_gmt":"2021-01-04T22:19:41","slug":"kontakt","status":"publish","type":"page","link":"https:\/\/home.agh.edu.pl\/~waldek\/kontakt\/","title":{"rendered":"Kontakt"},"content":{"rendered":"<p>Akademia G\u00f3rniczo-Hutnicza w Krakowie<br \/>\nWydzia\u0142 Zarz\u0105dzania<br \/>\nKatedra Bada\u0144 Operacyjnych i Technologii Informacyjnych<\/p>\n<p><strong>Adres korespondencyjny:<\/strong><br \/>\nWydzia\u0142 Zarz\u0105dzania AGH<br \/>\nul. Gramatyka 10<br \/>\n30-067 Krak\u00f3w<\/p>\n<p><strong>Miejsce pracy:<\/strong><br \/>\nBudynek D-14, ul. Gramatyka 10, pok\u00f3j\u00a0216<br \/>\nTermin konsultacji na stronie <a title=\"Dydaktyka\" href=\"http:\/\/home.agh.edu.pl\/~waldek\/dydaktyka\/\">Dydaktyka<\/a><\/p>\n<p><strong>Dane kontaktowe:<\/strong><br \/>\nE-mail: <a href=\"mailto:waldek@agh.edu.pl\">waldek@agh.edu.pl<\/a><br \/>\nWeb-page: <a href=\"http:\/\/home.agh.edu.pl\/~waldek\/\">home.agh.edu.pl\/waldek\/<\/a><br \/>\nTelefon w pokoju: 12\/617-39-94<br \/>\nTelefon sekretariatu katedry 12\/617-39-92<\/p>\n","protected":false},"excerpt":{"rendered":"<p>Akademia G\u00f3rniczo-Hutnicza w Krakowie Wydzia\u0142 Zarz\u0105dzania Katedra Bada\u0144 Operacyjnych i Technologii Informacyjnych Adres korespondencyjny: Wydzia\u0142 Zarz\u0105dzania AGH ul. Gramatyka 10 30-067 Krak\u00f3w Miejsce pracy: Budynek D-14, ul. Gramatyka 10, pok\u00f3j\u00a0216 Termin konsultacji na stronie Dydaktyka Dane kontaktowe: E-mail: waldek@agh.edu.pl Web-page: home.agh.edu.pl\/waldek\/ Telefon w pokoju: 12\/617-39-94 Telefon sekretariatu katedry 12\/617-39-92<\/p>\n","protected":false},"author":1,"featured_media":0,"parent":0,"menu_order":0,"comment_status":"closed","ping_status":"closed","template":"","meta":[],"_links":{"self":[{"href":"https:\/\/home.agh.edu.pl\/~waldek\/wp-json\/wp\/v2\/pages\/9"}],"collection":[{"href":"https:\/\/home.agh.edu.pl\/~waldek\/wp-json\/wp\/v2\/pages"}],"about":[{"href":"https:\/\/home.agh.edu.pl\/~waldek\/wp-json\/wp\/v2\/types\/page"}],"author":[{"embeddable":true,"href":"https:\/\/home.agh.edu.pl\/~waldek\/wp-json\/wp\/v2\/users\/1"}],"replies":[{"embeddable":true,"href":"https:\/\/home.agh.edu.pl\/~waldek\/wp-json\/wp\/v2\/comments?post=9"}],"version-history":[{"count":6,"href":"https:\/\/home.agh.edu.pl\/~waldek\/wp-json\/wp\/v2\/pages\/9\/revisions"}],"predecessor-version":[{"id":611,"href":"https:\/\/home.agh.edu.pl\/~waldek\/wp-json\/wp\/v2\/pages\/9\/revisions\/611"}],"wp:attachment":[{"href":"https:\/\/home.agh.edu.pl\/~waldek\/wp-json\/wp\/v2\/media?parent=9"}],"curies":[{"name":"wp","href":"https:\/\/api.w.org\/{rel}","templated":true}]}}