{"id":204,"date":"2020-01-30T10:42:02","date_gmt":"2020-01-30T09:42:02","guid":{"rendered":"http:\/\/home.agh.edu.pl\/~zareba\/?page_id=204"},"modified":"2023-03-06T11:23:20","modified_gmt":"2023-03-06T10:23:20","slug":"wstep-do-uczenia-maszynowego","status":"publish","type":"page","link":"https:\/\/home.agh.edu.pl\/~zareba\/?page_id=204","title":{"rendered":"Machine Learning"},"content":{"rendered":"\n<p><strong>Wyk\u0142ady<\/strong> dla kierunku In\u017cynieria i Analiza Danych &#8211; semestr letni &#8211; <strong>pi\u0105tek 18:40-20:10<\/strong> sala <strong>133<\/strong> AO<\/p>\n\n\n\n<p><strong>\u0106wiczenia<\/strong> dla kierunku <a href=\"https:\/\/home.agh.edu.pl\/~zareba\/?page_id=469(otworzy si\u0119 w nowej karcie)\">In\u017cynieria i Analiza Danych<\/a> &#8211; semestr letni &#8211; <strong>poniedzia\u0142ek\/\u015broda<\/strong> (hybrydowe)<\/p>\n\n\n\n<p><strong>\u0106wiczenia<\/strong> dla kierunku <a href=\"http:\/\/home.agh.edu.pl\/~zareba\/?page_id=467\">Geoinformatyka<\/a> II stopie\u0144 &#8211; semestr letni &#8211; <strong>poniedzia\u0142ek<\/strong> (online)<\/p>\n","protected":false},"excerpt":{"rendered":"<p>Wyk\u0142ady dla kierunku In\u017cynieria i Analiza Danych &#8211; semestr letni &#8211; pi\u0105tek 18:40-20:10 sala 133 AO \u0106wiczenia dla kierunku In\u017cynieria i Analiza Danych &#8211; semestr letni &#8211; poniedzia\u0142ek\/\u015broda (hybrydowe) \u0106wiczenia dla kierunku Geoinformatyka II stopie\u0144 &#8211; semestr letni &#8211; poniedzia\u0142ek (online)<\/p>\n","protected":false},"author":1,"featured_media":0,"parent":201,"menu_order":0,"comment_status":"closed","ping_status":"closed","template":"","meta":{"spay_email":""},"_links":{"self":[{"href":"https:\/\/home.agh.edu.pl\/~zareba\/index.php?rest_route=\/wp\/v2\/pages\/204"}],"collection":[{"href":"https:\/\/home.agh.edu.pl\/~zareba\/index.php?rest_route=\/wp\/v2\/pages"}],"about":[{"href":"https:\/\/home.agh.edu.pl\/~zareba\/index.php?rest_route=\/wp\/v2\/types\/page"}],"author":[{"embeddable":true,"href":"https:\/\/home.agh.edu.pl\/~zareba\/index.php?rest_route=\/wp\/v2\/users\/1"}],"replies":[{"embeddable":true,"href":"https:\/\/home.agh.edu.pl\/~zareba\/index.php?rest_route=%2Fwp%2Fv2%2Fcomments&post=204"}],"version-history":[{"count":7,"href":"https:\/\/home.agh.edu.pl\/~zareba\/index.php?rest_route=\/wp\/v2\/pages\/204\/revisions"}],"predecessor-version":[{"id":473,"href":"https:\/\/home.agh.edu.pl\/~zareba\/index.php?rest_route=\/wp\/v2\/pages\/204\/revisions\/473"}],"up":[{"embeddable":true,"href":"https:\/\/home.agh.edu.pl\/~zareba\/index.php?rest_route=\/wp\/v2\/pages\/201"}],"wp:attachment":[{"href":"https:\/\/home.agh.edu.pl\/~zareba\/index.php?rest_route=%2Fwp%2Fv2%2Fmedia&parent=204"}],"curies":[{"name":"wp","href":"https:\/\/api.w.org\/{rel}","templated":true}]}}