{"id":21,"date":"2019-09-16T11:28:53","date_gmt":"2019-09-16T09:28:53","guid":{"rendered":"http:\/\/home.agh.edu.pl\/~zareba\/?page_id=21"},"modified":"2022-07-18T15:50:50","modified_gmt":"2022-07-18T13:50:50","slug":"publications","status":"publish","type":"page","link":"https:\/\/home.agh.edu.pl\/~zareba\/?page_id=21","title":{"rendered":"Publications"},"content":{"rendered":"\n<p>2022 &#8211; <a href=\"https:\/\/www.nature.com\/articles\/s41598-022-15160-3\">The influence of meteorological factors and terrain on air pollution concentration and migration: a geostatistical case study from Krakow, Poland<\/a>, Scientific Reports<\/p>\n\n\n\n<p>2022 &#8211; <a href=\"https:\/\/aaqr.org\/articles\/aaqr-21-10-covid2-0275\">Analysis of Air Pollution Migration during COVID-19 Lockdown in Krakow, Poland<\/a>, AAQR<\/p>\n\n\n\n<p>2021 &#8211; <a rel=\"noreferrer noopener\" href=\"https:\/\/katalogagh.cyfronet.pl\/lib\/item?id=chamo:234055&amp;fromLocationLink=false&amp;theme=bgagh\" target=\"_blank\">Exploration of the practicality of walk-away VSP to specify elastic properties of geological medium<\/a>, [In Polish] Badanie mo\u017cliwo\u015bci wykorzystania pionowych profilowa\u0144 sejsmicznych typu krocz\u0105cego do uszczeg\u00f3\u0142awiania informacji na temat w\u0142asno\u015bci spr\u0119\u017cystych o\u015brodka, Praca doktorska, BG AGH<\/p>\n\n\n\n<p>2021 &#8211; <a href=\"https:\/\/www.mdpi.com\/1424-8220\/21\/15\/5208\/htm\">The Use of Public Data from Low-Cost Sensors for the Geospatial Analysis of Air Pollution from Solid Fuel Heating during the COVID-19 Pandemic Spring Period in Krakow, Poland<\/a>, Sensors <\/p>\n\n\n\n<p>2021 &#8211;  <a href=\"https:\/\/www.mdpi.com\/1996-1073\/14\/8\/2061\/htm\">P-Wave-Only Inversion of Challenging Walkaway VSP Data for Detailed Estimation of Local Anisotropy and Reservoir Parameters: A Case Study of Seismic Processing in Northern Poland<\/a>, Energies<\/p>\n\n\n\n<p>2020 &#8211;  <a href=\"https:\/\/www.mdpi.com\/2076-3263\/10\/2\/66\/htm\">On including near-surface zone anisotropy for static corrections computation &#8211; Polish Carpathians 3D seismic processing case study<\/a>, Geosciences<\/p>\n\n\n\n<p>2019 &#8211;  <a href=\"https:\/\/link.springer.com\/content\/pdf\/10.1007%2Fs11600-019-00314-1.pdf\">The use of S-guided CREP methodology for advanced seismic structure enhancing processing <\/a>, Acta Geophysica<\/p>\n\n\n\n<p>2019 &#8211; <a href=\"http:\/\/www.cagg2019.agh.edu.pl\/Book%20of%20Abstract%20pdf%20only\/10%20Students%20session\/Zar%C4%99ba%20et%20al.pdf\">The use of dip  guided filtering and beam partitioned analysis for advanced seismic structure enhancing processing<\/a>, Oral Presentation,  CAGG-AGH-2019 <\/p>\n\n\n\n<p>2019 &#8211;<a href=\"https:\/\/www.researchgate.net\/publication\/333713881_The_use_of_S-guided_CREP_methodology_for_advanced_seismic_structure_enhancing_processing\"> The use of S-guided CREP methodology for advanced seismic structure enhancing processing,<\/a> Acta Geophysica <\/p>\n\n\n\n<p>2019 &#8211;  Including effects of near-surface zone anisotropy for seismic statics calculations &#8211; Carpathian Inner-Mountain Basin case study,  Applied geophysics, Oral Presentation <\/p>\n\n\n\n<p>2019 &#8211;  <a href=\"https:\/\/www.e3s-conferences.org\/articles\/e3sconf\/pdf\/2019\/59\/e3sconf_ag2019_01006.pdf\">Some statistical consideration of azimuth and inclination angles determination based on walk \u2013 away VSP data in Python <\/a>, E3S Web of Conferences<\/p>\n\n\n\n<p>2019 &#8211;   Some statistical consideration of azimuth and inclination angels determination based on walk-away VSP data,  Applied geophysics, Oral Presentation <\/p>\n\n\n\n<p>2018 &#8211; <a href=\"https:\/\/link.springer.com\/article\/10.1007\/s11600-018-0200-8\">VSP polarization angles determination: Wysin-1 processing case stud<\/a>, Acta Geophysica<\/p>\n\n\n\n<p>2018 &#8211; <a href=\"https:\/\/www.researchgate.net\/publication\/329185876_Nonlinear_anisotropic_diffusion_techniques_for_seismic_signal_enhancing_-_Carpathian_Foredeep_study\">Nonlinear anisotropic diffusion techniques for seismic signal enhancing &#8211; Carpathian Foredeep study<\/a>,  E3S Web of Conferences <\/p>\n\n\n\n<p>2016 &#8211;  <a href=\"https:\/\/www.researchgate.net\/publication\/332187469_Zaawansowane_metody_zwiekszania_koherencji_sygnalu_sejsmicznego_The_use_of_advanced_seismic_techniques_to_enhance_coherency_of_seismic_signal\">Zaawansowane metody zwi\u0119kszania koherencji sygna\u0142u sejsmicznego (The use of advanced seismic techniques to enhance coherency of seismic signal)<\/a>, Geopetrol 2016<\/p>\n","protected":false},"excerpt":{"rendered":"<p>2022 &#8211; The influence of meteorological factors and terrain on air pollution concentration and migration: a geostatistical case study from Krakow, Poland, Scientific Reports 2022 &#8211; Analysis of Air Pollution Migration during COVID-19 Lockdown in Krakow, Poland, AAQR 2021 &#8211; Exploration of the practicality of walk-away VSP to specify elastic properties of geological medium, [In&hellip; <br \/> <a class=\"read-more\" href=\"https:\/\/home.agh.edu.pl\/~zareba\/?page_id=21\">Przeczytaj wi\u0119cej<\/a><\/p>\n","protected":false},"author":1,"featured_media":10,"parent":0,"menu_order":0,"comment_status":"closed","ping_status":"closed","template":"","meta":{"spay_email":""},"_links":{"self":[{"href":"https:\/\/home.agh.edu.pl\/~zareba\/index.php?rest_route=\/wp\/v2\/pages\/21"}],"collection":[{"href":"https:\/\/home.agh.edu.pl\/~zareba\/index.php?rest_route=\/wp\/v2\/pages"}],"about":[{"href":"https:\/\/home.agh.edu.pl\/~zareba\/index.php?rest_route=\/wp\/v2\/types\/page"}],"author":[{"embeddable":true,"href":"https:\/\/home.agh.edu.pl\/~zareba\/index.php?rest_route=\/wp\/v2\/users\/1"}],"replies":[{"embeddable":true,"href":"https:\/\/home.agh.edu.pl\/~zareba\/index.php?rest_route=%2Fwp%2Fv2%2Fcomments&post=21"}],"version-history":[{"count":9,"href":"https:\/\/home.agh.edu.pl\/~zareba\/index.php?rest_route=\/wp\/v2\/pages\/21\/revisions"}],"predecessor-version":[{"id":420,"href":"https:\/\/home.agh.edu.pl\/~zareba\/index.php?rest_route=\/wp\/v2\/pages\/21\/revisions\/420"}],"wp:featuredmedia":[{"embeddable":true,"href":"https:\/\/home.agh.edu.pl\/~zareba\/index.php?rest_route=\/wp\/v2\/media\/10"}],"wp:attachment":[{"href":"https:\/\/home.agh.edu.pl\/~zareba\/index.php?rest_route=%2Fwp%2Fv2%2Fmedia&parent=21"}],"curies":[{"name":"wp","href":"https:\/\/api.w.org\/{rel}","templated":true}]}}