{"id":1843,"date":"2021-02-16T14:35:08","date_gmt":"2021-02-16T13:35:08","guid":{"rendered":"http:\/\/home.agh.edu.pl\/~zuchowsk\/?page_id=1843"},"modified":"2025-08-06T11:40:06","modified_gmt":"2025-08-06T09:40:06","slug":"komitet-organizacyjny","status":"publish","type":"page","link":"https:\/\/home.agh.edu.pl\/~zuchowsk\/","title":{"rendered":"O mnie"},"content":{"rendered":"\t\t<div data-elementor-type=\"wp-page\" data-elementor-id=\"1843\" class=\"elementor elementor-1843\" data-elementor-settings=\"[]\">\n\t\t\t\t\t\t<div class=\"elementor-inner\">\n\t\t\t\t\t\t\t<div class=\"elementor-section-wrap\">\n\t\t\t\t\t\t\t<section class=\"elementor-section elementor-top-section elementor-element elementor-element-8619b24 elementor-section-full_width elementor-section-height-default elementor-section-height-default\" data-id=\"8619b24\" data-element_type=\"section\">\n\t\t\t\t\t\t<div class=\"elementor-container elementor-column-gap-default\">\n\t\t\t\t\t\t\t<div class=\"elementor-row\">\n\t\t\t\t\t<div class=\"elementor-column elementor-col-100 elementor-top-column elementor-element elementor-element-5b21658\" data-id=\"5b21658\" data-element_type=\"column\">\n\t\t\t<div class=\"elementor-column-wrap elementor-element-populated\">\n\t\t\t\t\t\t\t<div class=\"elementor-widget-wrap\">\n\t\t\t\t\t\t<div class=\"elementor-element elementor-element-e84eefa elementor-widget elementor-widget-text-editor\" data-id=\"e84eefa\" data-element_type=\"widget\" data-widget_type=\"text-editor.default\">\n\t\t\t\t<div class=\"elementor-widget-container\">\n\t\t\t\t\t\t\t\t<div class=\"elementor-text-editor elementor-clearfix\">\n\t\t\t\t<p>Nazywam si\u0119 Dorota \u017buchowska -Skiba i pracuj\u0119 w\u00a0<a href=\"https:\/\/www.facebook.com\/KSSTWHAGH\" target=\"_blank\" rel=\"noopener\">Katedrze Studi\u00f3w nad Spo\u0142ecze\u0144stwem i Technologi\u0105\u00a0<\/a>na Wydziale Humanistycznym Akademii G\u00f3rniczo-Hutniczej.\u00a0<\/p><p>Moje zainteresowania badawcze mieszcz\u0105 si\u0119 w obszarze <em>Disability Studies &#8211;<\/em> szczeg\u00f3lnie\u00a0 w subdyscyplinie, jak\u0105 jest socjologia niepe\u0142nosprawno\u015bci.<\/p><p>W swoich badaniach, artyku\u0142ach oraz ksi\u0105\u017ckach podejmuj\u0119 tematyk\u0119:<\/p><ol><li>to\u017csamo\u015bci os\u00f3b i grup marginaliozwanych &#8211; zw\u0142aszcza os\u00f3b z niepe\u0142nosprawno\u015bciami;<\/li><li>proces\u00f3w emancypacji i walki o r\u00f3wne prawa os\u00f3b z niepe\u0142nosprawno\u015bciami;<\/li><li>wykluczenia cyfrowego i dost\u0119pno\u015bci ;<\/li><li>potencja\u0142u emancypacyjnego nowych technologii oraz technologii asystuj\u0105cych.<\/li><\/ol><p>Tematy te wyznaczaj\u0105 podstawowe kierunki moich zainteresowa\u0144 badawczych. Interesuj\u0105 mnie bowiem kwestie zwi\u0105zne z konstuowaniem to\u017csamo\u015bci przez grupy i jednostki wykluczone oraz roli nowoczesnych technologii informatyczno &#8211; medialnych w procesie w\u0142\u0105czania do spo\u0142ecze\u0144stwa na r\u00f3wnych prawach\u00a0 os\u00f3b z niepe\u0142nosprawno\u015bciami.<\/p><p>Moje zainteresowania badawcze przek\u0142adaj\u0105 si\u0119 na aktywny udzia\u0142 w <a href=\"https:\/\/ssn-pts.pl\/\">Sekcji PTS Sekcji Niepe\u0142nosprawno\u015bci.<\/a><\/p><p>Zapraszam do wsp\u00f3\u0142pracy.\u00a0<\/p>\t\t\t\t\t<\/div>\n\t\t\t\t\t\t<\/div>\n\t\t\t\t<\/div>\n\t\t\t\t\t\t<\/div>\n\t\t\t\t\t<\/div>\n\t\t<\/div>\n\t\t\t\t\t\t\t\t<\/div>\n\t\t\t\t\t<\/div>\n\t\t<\/section>\n\t\t\t\t\t\t<\/div>\n\t\t\t\t\t\t<\/div>\n\t\t\t\t\t<\/div>\n\t\t","protected":false},"excerpt":{"rendered":"<p>Nazywam si\u0119 Dorota \u017buchowska -Skiba i pracuj\u0119 w\u00a0Katedrze Studi\u00f3w nad Spo\u0142ecze\u0144stwem i Technologi\u0105\u00a0na Wydziale Humanistycznym Akademii G\u00f3rniczo-Hutniczej.\u00a0 Moje zainteresowania badawcze mieszcz\u0105 si\u0119 w obszarze Disability Studies &#8211; szczeg\u00f3lnie\u00a0 w subdyscyplinie, jak\u0105 jest socjologia niepe\u0142nosprawno\u015bci. W swoich badaniach, artyku\u0142ach oraz ksi\u0105\u017ckach podejmuj\u0119 tematyk\u0119: to\u017csamo\u015bci os\u00f3b i grup marginaliozwanych &#8211; zw\u0142aszcza os\u00f3b&#8230;<\/p>\n","protected":false},"author":1,"featured_media":0,"parent":0,"menu_order":0,"comment_status":"closed","ping_status":"closed","template":"","meta":{"footnotes":""},"class_list":["post-1843","page","type-page","status-publish","hentry"],"_links":{"self":[{"href":"https:\/\/home.agh.edu.pl\/~zuchowsk\/index.php?rest_route=\/wp\/v2\/pages\/1843","targetHints":{"allow":["GET"]}}],"collection":[{"href":"https:\/\/home.agh.edu.pl\/~zuchowsk\/index.php?rest_route=\/wp\/v2\/pages"}],"about":[{"href":"https:\/\/home.agh.edu.pl\/~zuchowsk\/index.php?rest_route=\/wp\/v2\/types\/page"}],"author":[{"embeddable":true,"href":"https:\/\/home.agh.edu.pl\/~zuchowsk\/index.php?rest_route=\/wp\/v2\/users\/1"}],"replies":[{"embeddable":true,"href":"https:\/\/home.agh.edu.pl\/~zuchowsk\/index.php?rest_route=%2Fwp%2Fv2%2Fcomments&post=1843"}],"version-history":[{"count":50,"href":"https:\/\/home.agh.edu.pl\/~zuchowsk\/index.php?rest_route=\/wp\/v2\/pages\/1843\/revisions"}],"predecessor-version":[{"id":2544,"href":"https:\/\/home.agh.edu.pl\/~zuchowsk\/index.php?rest_route=\/wp\/v2\/pages\/1843\/revisions\/2544"}],"wp:attachment":[{"href":"https:\/\/home.agh.edu.pl\/~zuchowsk\/index.php?rest_route=%2Fwp%2Fv2%2Fmedia&parent=1843"}],"curies":[{"name":"wp","href":"https:\/\/api.w.org\/{rel}","templated":true}]}}